{"id":5139,"date":"2022-08-18T12:57:04","date_gmt":"2022-08-18T10:57:04","guid":{"rendered":"https:\/\/enhakkore.net\/produits\/?page_id=5139"},"modified":"2022-08-18T13:26:34","modified_gmt":"2022-08-18T11:26:34","slug":"lg-ips-ultrawide-incurve-uw-qhd-3440-x-1440","status":"publish","type":"page","link":"https:\/\/enhakkore.net\/produits\/lg-ips-ultrawide-incurve-uw-qhd-3440-x-1440\/","title":{"rendered":"LG IPS ULTRAWIDE INCURVE UW QHD 3440 x 1440"},"content":{"rendered":"\t\t<div data-elementor-type=\"wp-page\" data-elementor-id=\"5139\" class=\"elementor elementor-5139\" data-elementor-settings=\"[]\">\n\t\t\t\t\t\t<div class=\"elementor-inner\">\n\t\t\t\t\t\t\t<div class=\"elementor-section-wrap\">\n\t\t\t\t\t\t\t<section class=\"elementor-section elementor-top-section elementor-element elementor-element-4e29187c elementor-section-boxed elementor-section-height-default elementor-section-height-default\" data-id=\"4e29187c\" data-element_type=\"section\">\n\t\t\t\t\t\t<div class=\"elementor-container elementor-column-gap-default\">\n\t\t\t\t\t\t\t<div class=\"elementor-row\">\n\t\t\t\t\t<div class=\"elementor-column elementor-col-100 elementor-top-column elementor-element elementor-element-6b6c4a93\" data-id=\"6b6c4a93\" data-element_type=\"column\">\n\t\t\t<div class=\"elementor-column-wrap elementor-element-populated\">\n\t\t\t\t\t\t\t<div class=\"elementor-widget-wrap\">\n\t\t\t\t\t\t<div class=\"elementor-element elementor-element-53bc2543 elementor-widget elementor-widget-image\" data-id=\"53bc2543\" data-element_type=\"widget\" data-widget_type=\"image.default\">\n\t\t\t\t<div class=\"elementor-widget-container\">\n\t\t\t\t\t<div class=\"elementor-image\">\n\t\t\t\t\t\t\t\t\t\t\t<a href=\"https:\/\/enhakkore.net\/produits\/wp-content\/uploads\/2022\/08\/LG-IPS-UW-QHD-1.png\" data-elementor-open-lightbox=\"yes\" data-elementor-lightbox-title=\"LG IPS UW QHD 1\">\n\t\t\t\t\t\t\t<img loading=\"lazy\" decoding=\"async\" width=\"300\" height=\"180\" src=\"https:\/\/enhakkore.net\/produits\/wp-content\/uploads\/2022\/08\/LG-IPS-UW-QHD-1-300x180.png\" class=\"attachment-medium size-medium\" alt=\"\" srcset=\"https:\/\/enhakkore.net\/produits\/wp-content\/uploads\/2022\/08\/LG-IPS-UW-QHD-1-300x180.png 300w, https:\/\/enhakkore.net\/produits\/wp-content\/uploads\/2022\/08\/LG-IPS-UW-QHD-1-1024x616.png 1024w, https:\/\/enhakkore.net\/produits\/wp-content\/uploads\/2022\/08\/LG-IPS-UW-QHD-1-768x462.png 768w, https:\/\/enhakkore.net\/produits\/wp-content\/uploads\/2022\/08\/LG-IPS-UW-QHD-1.png 1500w\" sizes=\"auto, (max-width: 300px) 100vw, 300px\" \/>\t\t\t\t\t\t\t\t<\/a>\n\t\t\t\t\t\t\t\t\t\t\t<\/div>\n\t\t\t\t<\/div>\n\t\t\t\t<\/div>\n\t\t\t\t\t\t<\/div>\n\t\t\t\t\t<\/div>\n\t\t<\/div>\n\t\t\t\t\t\t\t\t<\/div>\n\t\t\t\t\t<\/div>\n\t\t<\/section>\n\t\t\t\t<section class=\"elementor-section elementor-top-section elementor-element elementor-element-5b21054f elementor-section-boxed elementor-section-height-default elementor-section-height-default\" data-id=\"5b21054f\" data-element_type=\"section\">\n\t\t\t\t\t\t<div class=\"elementor-container elementor-column-gap-default\">\n\t\t\t\t\t\t\t<div class=\"elementor-row\">\n\t\t\t\t\t<div class=\"elementor-column elementor-col-100 elementor-top-column elementor-element elementor-element-21c181d1\" data-id=\"21c181d1\" data-element_type=\"column\">\n\t\t\t<div class=\"elementor-column-wrap elementor-element-populated\">\n\t\t\t\t\t\t\t<div class=\"elementor-widget-wrap\">\n\t\t\t\t\t\t<div class=\"elementor-element elementor-element-65bd40b9 elementor-widget-divider--view-line elementor-widget elementor-widget-divider\" data-id=\"65bd40b9\" data-element_type=\"widget\" data-widget_type=\"divider.default\">\n\t\t\t\t<div class=\"elementor-widget-container\">\n\t\t\t\t\t<div class=\"elementor-divider\">\n\t\t\t<span class=\"elementor-divider-separator\">\n\t\t\t\t\t\t<\/span>\n\t\t<\/div>\n\t\t\t\t<\/div>\n\t\t\t\t<\/div>\n\t\t\t\t\t\t<\/div>\n\t\t\t\t\t<\/div>\n\t\t<\/div>\n\t\t\t\t\t\t\t\t<\/div>\n\t\t\t\t\t<\/div>\n\t\t<\/section>\n\t\t\t\t<section class=\"elementor-section elementor-top-section elementor-element elementor-element-4819a50a elementor-section-boxed elementor-section-height-default elementor-section-height-default\" data-id=\"4819a50a\" data-element_type=\"section\">\n\t\t\t\t\t\t<div class=\"elementor-container elementor-column-gap-default\">\n\t\t\t\t\t\t\t<div class=\"elementor-row\">\n\t\t\t\t\t<div class=\"elementor-column elementor-col-100 elementor-top-column elementor-element elementor-element-323d37a4\" data-id=\"323d37a4\" data-element_type=\"column\">\n\t\t\t<div class=\"elementor-column-wrap elementor-element-populated\">\n\t\t\t\t\t\t\t<div class=\"elementor-widget-wrap\">\n\t\t\t\t\t\t<div class=\"elementor-element elementor-element-33a6e457 elementor-widget elementor-widget-text-editor\" data-id=\"33a6e457\" data-element_type=\"widget\" data-widget_type=\"text-editor.default\">\n\t\t\t\t<div class=\"elementor-widget-container\">\n\t\t\t\t\t<div class=\"elementor-text-editor elementor-clearfix\"><h3><span style=\"color: #000000;\"><strong><span style=\"color: #ff0000;\">600.000 F CFA<\/span><br \/><\/strong><\/span><\/h3><\/div>\n\t\t\t\t<\/div>\n\t\t\t\t<\/div>\n\t\t\t\t\t\t<\/div>\n\t\t\t\t\t<\/div>\n\t\t<\/div>\n\t\t\t\t\t\t\t\t<\/div>\n\t\t\t\t\t<\/div>\n\t\t<\/section>\n\t\t\t\t<section class=\"elementor-section elementor-top-section elementor-element elementor-element-120498ad elementor-section-boxed elementor-section-height-default elementor-section-height-default\" data-id=\"120498ad\" data-element_type=\"section\">\n\t\t\t\t\t\t<div class=\"elementor-container elementor-column-gap-default\">\n\t\t\t\t\t\t\t<div class=\"elementor-row\">\n\t\t\t\t\t<div class=\"elementor-column elementor-col-100 elementor-top-column elementor-element elementor-element-4e6122ba\" data-id=\"4e6122ba\" data-element_type=\"column\">\n\t\t\t<div class=\"elementor-column-wrap elementor-element-populated\">\n\t\t\t\t\t\t\t<div class=\"elementor-widget-wrap\">\n\t\t\t\t\t\t<div class=\"elementor-element elementor-element-3176bdc9 elementor-widget-divider--view-line elementor-widget elementor-widget-divider\" data-id=\"3176bdc9\" data-element_type=\"widget\" data-widget_type=\"divider.default\">\n\t\t\t\t<div class=\"elementor-widget-container\">\n\t\t\t\t\t<div class=\"elementor-divider\">\n\t\t\t<span class=\"elementor-divider-separator\">\n\t\t\t\t\t\t<\/span>\n\t\t<\/div>\n\t\t\t\t<\/div>\n\t\t\t\t<\/div>\n\t\t\t\t\t\t<\/div>\n\t\t\t\t\t<\/div>\n\t\t<\/div>\n\t\t\t\t\t\t\t\t<\/div>\n\t\t\t\t\t<\/div>\n\t\t<\/section>\n\t\t\t\t<section class=\"elementor-section elementor-top-section elementor-element elementor-element-2f7bd7e6 elementor-section-boxed elementor-section-height-default elementor-section-height-default\" data-id=\"2f7bd7e6\" data-element_type=\"section\">\n\t\t\t\t\t\t<div class=\"elementor-container elementor-column-gap-default\">\n\t\t\t\t\t\t\t<div class=\"elementor-row\">\n\t\t\t\t\t<div class=\"elementor-column elementor-col-100 elementor-top-column elementor-element elementor-element-596f722c\" data-id=\"596f722c\" data-element_type=\"column\">\n\t\t\t<div class=\"elementor-column-wrap elementor-element-populated\">\n\t\t\t\t\t\t\t<div class=\"elementor-widget-wrap\">\n\t\t\t\t\t\t<div class=\"elementor-element elementor-element-16521ace elementor-widget elementor-widget-text-editor\" data-id=\"16521ace\" data-element_type=\"widget\" data-widget_type=\"text-editor.default\">\n\t\t\t\t<div class=\"elementor-widget-container\">\n\t\t\t\t\t<div class=\"elementor-text-editor elementor-clearfix\"><h1><span style=\"color: #808080;\"><strong><span style=\"color: #000000;\">LG IPS ULTRAWIDE MONITEUR INCURVE UW QHD 3440&#215;1440<br \/><\/span><\/strong><\/span><\/h1><\/div>\n\t\t\t\t<\/div>\n\t\t\t\t<\/div>\n\t\t\t\t\t\t<\/div>\n\t\t\t\t\t<\/div>\n\t\t<\/div>\n\t\t\t\t\t\t\t\t<\/div>\n\t\t\t\t\t<\/div>\n\t\t<\/section>\n\t\t\t\t<section class=\"elementor-section elementor-top-section elementor-element elementor-element-149f7fc7 elementor-section-boxed elementor-section-height-default elementor-section-height-default\" data-id=\"149f7fc7\" data-element_type=\"section\">\n\t\t\t\t\t\t<div class=\"elementor-container elementor-column-gap-default\">\n\t\t\t\t\t\t\t<div class=\"elementor-row\">\n\t\t\t\t\t<div class=\"elementor-column elementor-col-100 elementor-top-column elementor-element elementor-element-36ac2c9b\" data-id=\"36ac2c9b\" data-element_type=\"column\">\n\t\t\t<div class=\"elementor-column-wrap elementor-element-populated\">\n\t\t\t\t\t\t\t<div class=\"elementor-widget-wrap\">\n\t\t\t\t\t\t<div class=\"elementor-element elementor-element-5fc920bb elementor-widget elementor-widget-text-editor\" data-id=\"5fc920bb\" data-element_type=\"widget\" data-widget_type=\"text-editor.default\">\n\t\t\t\t<div class=\"elementor-widget-container\">\n\t\t\t\t\t<div class=\"elementor-text-editor elementor-clearfix\"><h5><span style=\"color: #ffffff;\"><strong>EN SAVOIR PLUS<\/strong><\/span><\/h5><\/div>\n\t\t\t\t<\/div>\n\t\t\t\t<\/div>\n\t\t\t\t\t\t<\/div>\n\t\t\t\t\t<\/div>\n\t\t<\/div>\n\t\t\t\t\t\t\t\t<\/div>\n\t\t\t\t\t<\/div>\n\t\t<\/section>\n\t\t\t\t<section class=\"elementor-section elementor-top-section elementor-element elementor-element-74f7335b elementor-section-boxed elementor-section-height-default elementor-section-height-default\" data-id=\"74f7335b\" data-element_type=\"section\">\n\t\t\t\t\t\t<div class=\"elementor-container elementor-column-gap-default\">\n\t\t\t\t\t\t\t<div class=\"elementor-row\">\n\t\t\t\t\t<div class=\"elementor-column elementor-col-100 elementor-top-column elementor-element elementor-element-56169d17\" data-id=\"56169d17\" data-element_type=\"column\">\n\t\t\t<div class=\"elementor-column-wrap elementor-element-populated\">\n\t\t\t\t\t\t\t<div class=\"elementor-widget-wrap\">\n\t\t\t\t\t\t<div class=\"elementor-element elementor-element-7a605929 elementor-widget elementor-widget-text-editor\" data-id=\"7a605929\" data-element_type=\"widget\" data-widget_type=\"text-editor.default\">\n\t\t\t\t<div class=\"elementor-widget-container\">\n\t\t\t\t\t<div class=\"elementor-text-editor elementor-clearfix\"><h2><span style=\"color: #000000;\"><strong><span style=\"color: #000000;\">Le plaisir du jeux en UWQHD et en immersion!<\/span><br \/><\/strong><\/span><\/h2><\/div>\n\t\t\t\t<\/div>\n\t\t\t\t<\/div>\n\t\t\t\t\t\t<\/div>\n\t\t\t\t\t<\/div>\n\t\t<\/div>\n\t\t\t\t\t\t\t\t<\/div>\n\t\t\t\t\t<\/div>\n\t\t<\/section>\n\t\t\t\t<section class=\"elementor-section elementor-top-section elementor-element elementor-element-3db3f8c8 elementor-section-boxed elementor-section-height-default elementor-section-height-default\" data-id=\"3db3f8c8\" data-element_type=\"section\">\n\t\t\t\t\t\t<div class=\"elementor-container elementor-column-gap-default\">\n\t\t\t\t\t\t\t<div class=\"elementor-row\">\n\t\t\t\t\t<div class=\"elementor-column elementor-col-100 elementor-top-column elementor-element elementor-element-790b49a7\" data-id=\"790b49a7\" data-element_type=\"column\">\n\t\t\t<div class=\"elementor-column-wrap elementor-element-populated\">\n\t\t\t\t\t\t\t<div class=\"elementor-widget-wrap\">\n\t\t\t\t\t\t<div class=\"elementor-element elementor-element-224ee5c elementor-widget elementor-widget-text-editor\" data-id=\"224ee5c\" data-element_type=\"widget\" data-widget_type=\"text-editor.default\">\n\t\t\t\t<div class=\"elementor-widget-container\">\n\t\t\t\t\t<div class=\"elementor-text-editor elementor-clearfix\"><p><span style=\"color: #333333;\">Le rapport d&rsquo;aspect de <strong>21:9<\/strong> associ\u00e9 \u00e0 l&rsquo;\u00e9cran <strong>QHD UltraWide<\/strong>\u2122 offrant une r\u00e9solution de <strong>3440 x 1440<\/strong> pixels est id\u00e9al pour travailler. Cela permet la surveillance simultan\u00e9e de grandes quantit\u00e9s d&rsquo;images pour le montage vid\u00e9o, et de nombreux plugins audio et effets peuvent \u00eatre affich\u00e9s en m\u00eame temps.<\/span><\/p><\/div>\n\t\t\t\t<\/div>\n\t\t\t\t<\/div>\n\t\t\t\t\t\t<\/div>\n\t\t\t\t\t<\/div>\n\t\t<\/div>\n\t\t\t\t\t\t\t\t<\/div>\n\t\t\t\t\t<\/div>\n\t\t<\/section>\n\t\t\t\t<section class=\"elementor-section elementor-top-section elementor-element elementor-element-7fb6f019 elementor-section-boxed elementor-section-height-default elementor-section-height-default\" data-id=\"7fb6f019\" data-element_type=\"section\">\n\t\t\t\t\t\t<div class=\"elementor-container elementor-column-gap-default\">\n\t\t\t\t\t\t\t<div class=\"elementor-row\">\n\t\t\t\t\t<div class=\"elementor-column elementor-col-100 elementor-top-column elementor-element elementor-element-5c032578\" data-id=\"5c032578\" data-element_type=\"column\">\n\t\t\t<div class=\"elementor-column-wrap elementor-element-populated\">\n\t\t\t\t\t\t\t<div class=\"elementor-widget-wrap\">\n\t\t\t\t\t\t<div class=\"elementor-element elementor-element-7cb6d71c elementor-widget elementor-widget-image\" data-id=\"7cb6d71c\" data-element_type=\"widget\" data-widget_type=\"image.default\">\n\t\t\t\t<div class=\"elementor-widget-container\">\n\t\t\t\t\t<div class=\"elementor-image\">\n\t\t\t\t\t\t\t\t\t\t<img loading=\"lazy\" decoding=\"async\" width=\"1100\" height=\"730\" src=\"https:\/\/enhakkore.net\/produits\/wp-content\/uploads\/2022\/08\/LG-IPS-UW-QHD.jpg\" class=\"attachment-full size-full\" alt=\"\" srcset=\"https:\/\/enhakkore.net\/produits\/wp-content\/uploads\/2022\/08\/LG-IPS-UW-QHD.jpg 1100w, https:\/\/enhakkore.net\/produits\/wp-content\/uploads\/2022\/08\/LG-IPS-UW-QHD-300x199.jpg 300w, https:\/\/enhakkore.net\/produits\/wp-content\/uploads\/2022\/08\/LG-IPS-UW-QHD-1024x680.jpg 1024w, https:\/\/enhakkore.net\/produits\/wp-content\/uploads\/2022\/08\/LG-IPS-UW-QHD-768x510.jpg 768w, https:\/\/enhakkore.net\/produits\/wp-content\/uploads\/2022\/08\/LG-IPS-UW-QHD-272x182.jpg 272w\" sizes=\"auto, (max-width: 1100px) 100vw, 1100px\" \/>\t\t\t\t\t\t\t\t\t\t\t<\/div>\n\t\t\t\t<\/div>\n\t\t\t\t<\/div>\n\t\t\t\t\t\t<\/div>\n\t\t\t\t\t<\/div>\n\t\t<\/div>\n\t\t\t\t\t\t\t\t<\/div>\n\t\t\t\t\t<\/div>\n\t\t<\/section>\n\t\t\t\t<section class=\"elementor-section elementor-top-section elementor-element elementor-element-34b0559c elementor-section-boxed elementor-section-height-default elementor-section-height-default\" data-id=\"34b0559c\" data-element_type=\"section\">\n\t\t\t\t\t\t<div class=\"elementor-container elementor-column-gap-default\">\n\t\t\t\t\t\t\t<div class=\"elementor-row\">\n\t\t\t\t\t<div class=\"elementor-column elementor-col-100 elementor-top-column elementor-element elementor-element-74ae53a2\" data-id=\"74ae53a2\" data-element_type=\"column\">\n\t\t\t<div class=\"elementor-column-wrap elementor-element-populated\">\n\t\t\t\t\t\t\t<div class=\"elementor-widget-wrap\">\n\t\t\t\t\t\t<div class=\"elementor-element elementor-element-15b7ae4c elementor-widget elementor-widget-text-editor\" data-id=\"15b7ae4c\" data-element_type=\"widget\" data-widget_type=\"text-editor.default\">\n\t\t\t\t<div class=\"elementor-widget-container\">\n\t\t\t\t\t<div class=\"elementor-text-editor elementor-clearfix\"><p><span style=\"color: #333333;\"><strong>Contr\u00f4le et connexion faciles<\/strong><\/span><\/p><p><span style=\"color: #333333;\">La prise en charge de l&rsquo;USB Type-C\u2122 permet de recharger les derniers ordinateurs portables jusqu&rsquo;\u00e0 60W, de transf\u00e9rer rapidement des donn\u00e9es et de connecter un \u00e9cran. Il est \u00e9galement compatible avec les appareils Mac* . Le 34WN80C-B n&rsquo;a besoin que d&rsquo;un c\u00e2ble pour apporter la touche finale \u00e0 votre poste de travail mobile.<\/span><\/p><p><span style=\"color: #333333;\"><strong>HDR 10 Contraste d\u00e9taill\u00e9<\/strong><\/span><\/p><p><span style=\"color: #333333;\">Le HDR reproduit les zones sombres et lumineuses d&rsquo;une image avec beaucoup plus de d\u00e9tails, qu&rsquo;il \u00e9tait impossible de reproduire avec les anciennes normes.<\/span><\/p><p><span style=\"color: #333333;\"><strong>Couleurs r\u00e9alistes et angle de vue plus large<\/strong><\/span><\/p><p><span style=\"color: #333333;\">La dalle IPS de LG pr\u00e9sente une pr\u00e9cision des couleurs impressionnante. Avec un angle de vision plus large, l&rsquo;\u00e9cran IPS couvre 99% du spectre de couleurs sRGB.<\/span><\/p><p><span style=\"color: #333333;\"><b style=\"color: #333333;\">Plus d&rsquo;<\/b><b>efficacit\u00e9<\/b><b style=\"color: #333333;\"> de travail<\/b><\/span><\/p><p><span style=\"color: #333333;\">Le support ergonomique en un clic est facile \u00e0 installer, son design \u00e0 3 c\u00f4t\u00e9s pratiquement sans bordure et le support qui peut \u00eatre ajust\u00e9 pour changer l&rsquo;inclinaison et la hauteur des moniteurs vous permettent de cr\u00e9er un environnement de travail optimis\u00e9.<\/span><\/p><\/div>\n\t\t\t\t<\/div>\n\t\t\t\t<\/div>\n\t\t\t\t\t\t<\/div>\n\t\t\t\t\t<\/div>\n\t\t<\/div>\n\t\t\t\t\t\t\t\t<\/div>\n\t\t\t\t\t<\/div>\n\t\t<\/section>\n\t\t\t\t<section class=\"elementor-section elementor-top-section elementor-element elementor-element-7f47d8d elementor-section-boxed elementor-section-height-default elementor-section-height-default\" data-id=\"7f47d8d\" data-element_type=\"section\">\n\t\t\t\t\t\t<div class=\"elementor-container elementor-column-gap-default\">\n\t\t\t\t\t\t\t<div class=\"elementor-row\">\n\t\t\t\t\t<div class=\"elementor-column elementor-col-100 elementor-top-column elementor-element elementor-element-2c662ae0\" data-id=\"2c662ae0\" data-element_type=\"column\">\n\t\t\t<div class=\"elementor-column-wrap elementor-element-populated\">\n\t\t\t\t\t\t\t<div class=\"elementor-widget-wrap\">\n\t\t\t\t\t\t<div class=\"elementor-element elementor-element-62204368 elementor-widget elementor-widget-image\" data-id=\"62204368\" data-element_type=\"widget\" data-widget_type=\"image.default\">\n\t\t\t\t<div class=\"elementor-widget-container\">\n\t\t\t\t\t<div class=\"elementor-image\">\n\t\t\t\t\t\t\t\t\t\t<img loading=\"lazy\" decoding=\"async\" width=\"1600\" height=\"1100\" src=\"https:\/\/enhakkore.net\/produits\/wp-content\/uploads\/2022\/08\/LG-IPS-UW-QHD-2.jpg\" class=\"attachment-full size-full\" alt=\"\" srcset=\"https:\/\/enhakkore.net\/produits\/wp-content\/uploads\/2022\/08\/LG-IPS-UW-QHD-2.jpg 1600w, https:\/\/enhakkore.net\/produits\/wp-content\/uploads\/2022\/08\/LG-IPS-UW-QHD-2-300x206.jpg 300w, https:\/\/enhakkore.net\/produits\/wp-content\/uploads\/2022\/08\/LG-IPS-UW-QHD-2-1024x704.jpg 1024w, https:\/\/enhakkore.net\/produits\/wp-content\/uploads\/2022\/08\/LG-IPS-UW-QHD-2-768x528.jpg 768w, https:\/\/enhakkore.net\/produits\/wp-content\/uploads\/2022\/08\/LG-IPS-UW-QHD-2-1536x1056.jpg 1536w\" sizes=\"auto, (max-width: 1600px) 100vw, 1600px\" \/>\t\t\t\t\t\t\t\t\t\t\t<\/div>\n\t\t\t\t<\/div>\n\t\t\t\t<\/div>\n\t\t\t\t\t\t<\/div>\n\t\t\t\t\t<\/div>\n\t\t<\/div>\n\t\t\t\t\t\t\t\t<\/div>\n\t\t\t\t\t<\/div>\n\t\t<\/section>\n\t\t\t\t<section class=\"elementor-section elementor-top-section elementor-element elementor-element-5cb50b7f elementor-section-boxed elementor-section-height-default elementor-section-height-default\" data-id=\"5cb50b7f\" data-element_type=\"section\">\n\t\t\t\t\t\t<div class=\"elementor-container elementor-column-gap-default\">\n\t\t\t\t\t\t\t<div class=\"elementor-row\">\n\t\t\t\t\t<div class=\"elementor-column elementor-col-100 elementor-top-column elementor-element elementor-element-77aa5335\" data-id=\"77aa5335\" data-element_type=\"column\">\n\t\t\t<div class=\"elementor-column-wrap elementor-element-populated\">\n\t\t\t\t\t\t\t<div class=\"elementor-widget-wrap\">\n\t\t\t\t\t\t<div class=\"elementor-element elementor-element-2755739b elementor-widget elementor-widget-text-editor\" data-id=\"2755739b\" data-element_type=\"widget\" data-widget_type=\"text-editor.default\">\n\t\t\t\t<div class=\"elementor-widget-container\">\n\t\t\t\t\t<div class=\"elementor-text-editor elementor-clearfix\"><ul><li><strong>Type de dalle<\/strong><\/li><\/ul><p>IPS<\/p><p><strong>R\u00e9tro-\u00e9clairage<\/strong><\/p><p>LED<\/p><ul><li><strong>Taille \u00e9cran<\/strong><\/li><\/ul><p>34&Prime; (86 cm)<\/p><p><strong>R\u00e9solution<\/strong><\/p><p>3440 x 1440<\/p><ul><li><strong>Format<\/strong><\/li><\/ul><p>21\/9<\/p><p><strong>Pixel Pitch (en mm)<\/strong><\/p><p>0,2325 x 0,2325<\/p><ul><li><strong>HDR (High Dynamic Range)<\/strong><\/li><\/ul><p>Oui (HDR 10)<\/p><p><strong>Luminosit\u00e9<\/strong><\/p><p>300cd\/m\u00b2<\/p><ul><li><strong>Gamut Couleur<\/strong><\/li><\/ul><p>sRGB 99%<\/p><p><strong>Nombre de Couleurs<\/strong><\/p><p>8bit<\/p><ul><li><strong>Taux de contraste (original)<\/strong><\/li><\/ul><p>1000:1<\/p><p><strong>Taux de contraste (DFC)<\/strong><\/p><p>Mega<\/p><ul><li><strong>Angle de vision (H\/V)<\/strong><\/li><\/ul><p>178\/178<\/p><p><strong>Temps de r\u00e9ponse<\/strong><\/p><p>5ms<\/p><ul><li><strong>Traitement de la dalle<\/strong><\/li><\/ul><p>Anti-reflet 3H<\/p><p><strong>FREQUENCES D\u2019AFFICHAGE &#8211; Horizontal (HDMI)<\/strong><\/p><p>30~90kHz<\/p><ul><li><strong>FREQUENCES D\u2019AFFICHAGE &#8211; Vertical (HDMI)<\/strong><\/li><\/ul><p>56-61Hz<\/p><p><strong>FREQUENCES D\u2019AFFICHAGE &#8211; Horizontal (DisplayPort)<\/strong><\/p><p>30~90kHz<\/p><ul><li><strong>FREQUENCES D\u2019AFFICHAGE &#8211; Vertical (DisplayPort)<\/strong><\/li><\/ul><p>56-61Hz<\/p><p><strong>FREQUENCES D\u2019AFFICHAGE &#8211; Vertical (FreeSync)<\/strong><\/p><p>Basic : 48~60Hz<br \/>Extended : 40~60Hz (HDMI)<\/p><p><strong>CONNECTIQUES<\/strong><\/p><ul><li><strong>ENTREES &#8211; HDMI<\/strong><\/li><\/ul><p>Oui (ver 2.0 x 2)<\/p><p><strong>ENTREES &#8211; Display Port<\/strong><\/p><p>Oui<\/p><ul><li><strong>ENTREES &#8211; USB Type-C<\/strong><\/li><\/ul><p>Oui<\/p><p><strong>ENTREES &#8211; USB<\/strong><\/p><p>Oui (3.0 x 2)<\/p><ul><li><strong>SORTIE &#8211; Casque<\/strong><\/li><\/ul><p>1<\/p><p><strong>CARACTERISTIQUES SPECIFIQUES<\/strong><\/p><ul><li><strong>OSD<\/strong><\/li><\/ul><p>Oui<\/p><p><strong>Nombre de langues<\/strong><\/p><p>18<\/p><ul><li><strong>Black Stabilizer<\/strong><\/li><\/ul><p>Oui<\/p><p><strong>Mode DAS<\/strong><\/p><p>Oui<\/p><ul><li><strong>H\/W Calibration (True Color Pro)<\/strong><\/li><\/ul><p>Oui<\/p><p><strong>Mode Lecture<\/strong><\/p><p>Oui<\/p><ul><li><strong>Dual Controller<\/strong><\/li><\/ul><p>Oui<\/p><p><strong>Flicker Safe (Anti-scintillement)<\/strong><\/p><p>Oui<\/p><ul><li><strong>Smart Energy Saving<\/strong><\/li><\/ul><p>Oui<\/p><p><strong>DDC\/CI<\/strong><\/p><p>Oui<\/p><ul><li><strong>HDCP<\/strong><\/li><\/ul><p>Oui (HDCP 2.2)<\/p><p><strong>Plug &amp; Play<\/strong><\/p><p>Oui<\/p><p><strong>CARACTERISTIQUES ENERGETIQUES<\/strong><\/p><ul><li><strong>Classe \u00e9nerg\u00e9tique (de A \u00e0 G)<\/strong><\/li><\/ul><p>G<\/p><p><strong>Type d\u2019alimentation<\/strong><\/p><p>Bloc externe<\/p><ul><li><strong>Consommation (normale) (en W)<\/strong><\/li><\/ul><p>60<\/p><p><strong>Consommation (mode veille) (en W)<\/strong><\/p><p>0.5<\/p><ul><li><strong>Consommation (mode arr\u00eat) (en W)<\/strong><\/li><\/ul><p>0.3<\/p><p><strong>CARACTERISTIQUES PHYSIQUES<\/strong><\/p><ul><li><strong>Accroche VESA (en mm)<\/strong><\/li><\/ul><p>100 x 100<\/p><p><strong>CADRE &#8211; Couleur (face)<\/strong><\/p><p>Noir<\/p><ul><li><strong>CADRE &#8211; Couleur (dos)<\/strong><\/li><\/ul><p>Aluminium<\/p><p><strong>CADRE &#8211; Nombre de boutons de contr\u00f4le<\/strong><\/p><p>1 (Joystick)<\/p><ul><li><strong>CADRE &#8211; Couleur de LED<\/strong><\/li><\/ul><p>Blanche<\/p><p><strong>PIED &#8211; D\u00e9tachable<\/strong><\/p><p>Oui<\/p><ul><li><strong>PIED &#8211; Inclinaison<\/strong><\/li><\/ul><p>-5~15<\/p><p><strong>PIED &#8211; R\u00e9glable en hauteur<\/strong><\/p><p>Oui (110mm)<\/p><p><strong>INFORMATIONS LOGISTIQUES<\/strong><\/p><ul><li><strong>Dimensions (sans pied) : LxPxH (en mm)<\/strong><\/li><\/ul><p>814 x 92,9 x 359,1<\/p><p><strong>Dimensions (avec pied) : LxPxH (en mm)<\/strong><\/p><p>814 x 250,8 x 459,5<\/p><ul><li><strong>Dimensions carton : LxPxH (en mm)<\/strong><\/li><\/ul><p>986 x 525 x 211<\/p><p><strong>Poids (sans pied) (en kg)<\/strong><\/p><p>6,3<\/p><ul><li><strong>Poids (avec pied) (en kg)<\/strong><\/li><\/ul><p>8,0<\/p><p><strong>Poids du carton (en kg)<\/strong><\/p><p>11,9<\/p><p><strong>ACCESSOIRES<\/strong><\/p><ul><li><strong>C\u00e2ble d\u2019alimentation<\/strong><\/li><\/ul><p>Oui<\/p><p><strong>C\u00e2ble HDMI<\/strong><\/p><p>Oui<\/p><ul><li><strong>C\u00e2ble USB-C<\/strong><\/li><\/ul><p>Oui<\/p><p><strong>Autres<\/strong><\/p><p>CD, Manuel, Guide d\u2019installation rapide<\/p><\/div>\n\t\t\t\t<\/div>\n\t\t\t\t<\/div>\n\t\t\t\t\t\t<\/div>\n\t\t\t\t\t<\/div>\n\t\t<\/div>\n\t\t\t\t\t\t\t\t<\/div>\n\t\t\t\t\t<\/div>\n\t\t<\/section>\n\t\t\t\t\t\t<\/div>\n\t\t\t\t\t\t<\/div>\n\t\t\t\t\t<\/div>\n\t\t","protected":false},"excerpt":{"rendered":"<p>600.000 F CFA LG IPS ULTRAWIDE MONITEUR INCURVE UW QHD 3440&#215;1440 EN SAVOIR PLUS Le plaisir du jeux en UWQHD et en immersion! Le rapport d&rsquo;aspect de 21:9 associ\u00e9 \u00e0 l&rsquo;\u00e9cran QHD UltraWide\u2122 offrant une r\u00e9solution de 3440 x 1440 pixels est id\u00e9al pour travailler. Cela permet la surveillance simultan\u00e9e de grandes quantit\u00e9s d&rsquo;images pour [&hellip;]<\/p>\n","protected":false},"author":2,"featured_media":0,"parent":0,"menu_order":0,"comment_status":"closed","ping_status":"closed","template":"","meta":{"footnotes":""},"class_list":["post-5139","page","type-page","status-publish","hentry","post"],"_links":{"self":[{"href":"https:\/\/enhakkore.net\/produits\/wp-json\/wp\/v2\/pages\/5139","targetHints":{"allow":["GET"]}}],"collection":[{"href":"https:\/\/enhakkore.net\/produits\/wp-json\/wp\/v2\/pages"}],"about":[{"href":"https:\/\/enhakkore.net\/produits\/wp-json\/wp\/v2\/types\/page"}],"author":[{"embeddable":true,"href":"https:\/\/enhakkore.net\/produits\/wp-json\/wp\/v2\/users\/2"}],"replies":[{"embeddable":true,"href":"https:\/\/enhakkore.net\/produits\/wp-json\/wp\/v2\/comments?post=5139"}],"version-history":[{"count":16,"href":"https:\/\/enhakkore.net\/produits\/wp-json\/wp\/v2\/pages\/5139\/revisions"}],"predecessor-version":[{"id":5161,"href":"https:\/\/enhakkore.net\/produits\/wp-json\/wp\/v2\/pages\/5139\/revisions\/5161"}],"wp:attachment":[{"href":"https:\/\/enhakkore.net\/produits\/wp-json\/wp\/v2\/media?parent=5139"}],"curies":[{"name":"wp","href":"https:\/\/api.w.org\/{rel}","templated":true}]}}