{"id":3465,"date":"2022-03-07T14:20:54","date_gmt":"2022-03-07T13:20:54","guid":{"rendered":"https:\/\/enhakkore.net\/produits\/?page_id=3465"},"modified":"2022-03-08T10:45:49","modified_gmt":"2022-03-08T09:45:49","slug":"hp-pavilion-gaming-15-ec2146nf","status":"publish","type":"page","link":"https:\/\/enhakkore.net\/produits\/hp-pavilion-gaming-15-ec2146nf\/","title":{"rendered":"HP PAVILION GAMING 15-EC2146NF"},"content":{"rendered":"\t\t<div data-elementor-type=\"wp-page\" data-elementor-id=\"3465\" class=\"elementor elementor-3465\" data-elementor-settings=\"[]\">\n\t\t\t\t\t\t<div class=\"elementor-inner\">\n\t\t\t\t\t\t\t<div class=\"elementor-section-wrap\">\n\t\t\t\t\t\t\t<section class=\"elementor-section elementor-top-section elementor-element elementor-element-799f0290 elementor-section-boxed elementor-section-height-default elementor-section-height-default\" data-id=\"799f0290\" data-element_type=\"section\">\n\t\t\t\t\t\t<div class=\"elementor-container elementor-column-gap-default\">\n\t\t\t\t\t\t\t<div class=\"elementor-row\">\n\t\t\t\t\t<div class=\"elementor-column elementor-col-100 elementor-top-column elementor-element elementor-element-51ec0663\" data-id=\"51ec0663\" data-element_type=\"column\">\n\t\t\t<div class=\"elementor-column-wrap elementor-element-populated\">\n\t\t\t\t\t\t\t<div class=\"elementor-widget-wrap\">\n\t\t\t\t\t\t<div class=\"elementor-element elementor-element-3fc5a8f9 elementor-widget elementor-widget-image\" data-id=\"3fc5a8f9\" data-element_type=\"widget\" data-widget_type=\"image.default\">\n\t\t\t\t<div class=\"elementor-widget-container\">\n\t\t\t\t\t<div class=\"elementor-image\">\n\t\t\t\t\t\t\t\t\t\t\t<a href=\"https:\/\/enhakkore.net\/produits\/wp-content\/uploads\/2022\/03\/HP-PAVILION-15-EC2146NF.jpg\" data-elementor-open-lightbox=\"yes\" data-elementor-lightbox-title=\"HP PAVILION 15-EC2146NF\">\n\t\t\t\t\t\t\t<img loading=\"lazy\" decoding=\"async\" width=\"300\" height=\"266\" src=\"https:\/\/enhakkore.net\/produits\/wp-content\/uploads\/2022\/03\/HP-PAVILION-15-EC2146NF-300x266.jpg\" class=\"attachment-medium size-medium\" alt=\"\" srcset=\"https:\/\/enhakkore.net\/produits\/wp-content\/uploads\/2022\/03\/HP-PAVILION-15-EC2146NF-300x266.jpg 300w, https:\/\/enhakkore.net\/produits\/wp-content\/uploads\/2022\/03\/HP-PAVILION-15-EC2146NF-1024x909.jpg 1024w, https:\/\/enhakkore.net\/produits\/wp-content\/uploads\/2022\/03\/HP-PAVILION-15-EC2146NF-768x682.jpg 768w, https:\/\/enhakkore.net\/produits\/wp-content\/uploads\/2022\/03\/HP-PAVILION-15-EC2146NF-1536x1363.jpg 1536w, https:\/\/enhakkore.net\/produits\/wp-content\/uploads\/2022\/03\/HP-PAVILION-15-EC2146NF.jpg 1920w\" sizes=\"auto, (max-width: 300px) 100vw, 300px\" \/>\t\t\t\t\t\t\t\t<\/a>\n\t\t\t\t\t\t\t\t\t\t\t<\/div>\n\t\t\t\t<\/div>\n\t\t\t\t<\/div>\n\t\t\t\t\t\t<\/div>\n\t\t\t\t\t<\/div>\n\t\t<\/div>\n\t\t\t\t\t\t\t\t<\/div>\n\t\t\t\t\t<\/div>\n\t\t<\/section>\n\t\t\t\t<section class=\"elementor-section elementor-top-section elementor-element elementor-element-57a15cac elementor-section-boxed elementor-section-height-default elementor-section-height-default\" data-id=\"57a15cac\" data-element_type=\"section\">\n\t\t\t\t\t\t<div class=\"elementor-container elementor-column-gap-default\">\n\t\t\t\t\t\t\t<div class=\"elementor-row\">\n\t\t\t\t\t<div class=\"elementor-column elementor-col-100 elementor-top-column elementor-element elementor-element-37f43c6d\" data-id=\"37f43c6d\" data-element_type=\"column\">\n\t\t\t<div class=\"elementor-column-wrap elementor-element-populated\">\n\t\t\t\t\t\t\t<div class=\"elementor-widget-wrap\">\n\t\t\t\t\t\t<div class=\"elementor-element elementor-element-37392ef9 elementor-widget-divider--view-line elementor-widget elementor-widget-divider\" data-id=\"37392ef9\" data-element_type=\"widget\" data-widget_type=\"divider.default\">\n\t\t\t\t<div class=\"elementor-widget-container\">\n\t\t\t\t\t<div class=\"elementor-divider\">\n\t\t\t<span class=\"elementor-divider-separator\">\n\t\t\t\t\t\t<\/span>\n\t\t<\/div>\n\t\t\t\t<\/div>\n\t\t\t\t<\/div>\n\t\t\t\t\t\t<\/div>\n\t\t\t\t\t<\/div>\n\t\t<\/div>\n\t\t\t\t\t\t\t\t<\/div>\n\t\t\t\t\t<\/div>\n\t\t<\/section>\n\t\t\t\t<section class=\"elementor-section elementor-top-section elementor-element elementor-element-2d71d8e1 elementor-section-boxed elementor-section-height-default elementor-section-height-default\" data-id=\"2d71d8e1\" data-element_type=\"section\">\n\t\t\t\t\t\t<div class=\"elementor-container elementor-column-gap-default\">\n\t\t\t\t\t\t\t<div class=\"elementor-row\">\n\t\t\t\t\t<div class=\"elementor-column elementor-col-100 elementor-top-column elementor-element elementor-element-62507df3\" data-id=\"62507df3\" data-element_type=\"column\">\n\t\t\t<div class=\"elementor-column-wrap elementor-element-populated\">\n\t\t\t\t\t\t\t<div class=\"elementor-widget-wrap\">\n\t\t\t\t\t\t<div class=\"elementor-element elementor-element-8153b70 elementor-widget elementor-widget-text-editor\" data-id=\"8153b70\" data-element_type=\"widget\" data-widget_type=\"text-editor.default\">\n\t\t\t\t<div class=\"elementor-widget-container\">\n\t\t\t\t\t<div class=\"elementor-text-editor elementor-clearfix\"><h3><span style=\"color: #000000;\"><strong><span style=\"color: #ff0000;\">650.000 F CFA<\/span><br \/><\/strong><\/span><\/h3><\/div>\n\t\t\t\t<\/div>\n\t\t\t\t<\/div>\n\t\t\t\t\t\t<\/div>\n\t\t\t\t\t<\/div>\n\t\t<\/div>\n\t\t\t\t\t\t\t\t<\/div>\n\t\t\t\t\t<\/div>\n\t\t<\/section>\n\t\t\t\t<section class=\"elementor-section elementor-top-section elementor-element elementor-element-acd6a35 elementor-section-boxed elementor-section-height-default elementor-section-height-default\" data-id=\"acd6a35\" data-element_type=\"section\">\n\t\t\t\t\t\t<div class=\"elementor-container elementor-column-gap-default\">\n\t\t\t\t\t\t\t<div class=\"elementor-row\">\n\t\t\t\t\t<div class=\"elementor-column elementor-col-100 elementor-top-column elementor-element elementor-element-75dcaeb6\" data-id=\"75dcaeb6\" data-element_type=\"column\">\n\t\t\t<div class=\"elementor-column-wrap elementor-element-populated\">\n\t\t\t\t\t\t\t<div class=\"elementor-widget-wrap\">\n\t\t\t\t\t\t<div class=\"elementor-element elementor-element-1e0193f7 elementor-widget-divider--view-line elementor-widget elementor-widget-divider\" data-id=\"1e0193f7\" data-element_type=\"widget\" data-widget_type=\"divider.default\">\n\t\t\t\t<div class=\"elementor-widget-container\">\n\t\t\t\t\t<div class=\"elementor-divider\">\n\t\t\t<span class=\"elementor-divider-separator\">\n\t\t\t\t\t\t<\/span>\n\t\t<\/div>\n\t\t\t\t<\/div>\n\t\t\t\t<\/div>\n\t\t\t\t\t\t<\/div>\n\t\t\t\t\t<\/div>\n\t\t<\/div>\n\t\t\t\t\t\t\t\t<\/div>\n\t\t\t\t\t<\/div>\n\t\t<\/section>\n\t\t\t\t<section class=\"elementor-section elementor-top-section elementor-element elementor-element-5191a287 elementor-section-boxed elementor-section-height-default elementor-section-height-default\" data-id=\"5191a287\" data-element_type=\"section\">\n\t\t\t\t\t\t<div class=\"elementor-container elementor-column-gap-default\">\n\t\t\t\t\t\t\t<div class=\"elementor-row\">\n\t\t\t\t\t<div class=\"elementor-column elementor-col-100 elementor-top-column elementor-element elementor-element-6d88d689\" data-id=\"6d88d689\" data-element_type=\"column\">\n\t\t\t<div class=\"elementor-column-wrap elementor-element-populated\">\n\t\t\t\t\t\t\t<div class=\"elementor-widget-wrap\">\n\t\t\t\t\t\t<div class=\"elementor-element elementor-element-50a3b5ca elementor-widget elementor-widget-text-editor\" data-id=\"50a3b5ca\" data-element_type=\"widget\" data-widget_type=\"text-editor.default\">\n\t\t\t\t<div class=\"elementor-widget-container\">\n\t\t\t\t\t<div class=\"elementor-text-editor elementor-clearfix\"><h1><span style=\"color: #808080;\"><strong><span style=\"color: #000000;\">HP PAVILION GAMING 15-EC2146NF<br \/><\/span><\/strong><\/span><\/h1><\/div>\n\t\t\t\t<\/div>\n\t\t\t\t<\/div>\n\t\t\t\t\t\t<\/div>\n\t\t\t\t\t<\/div>\n\t\t<\/div>\n\t\t\t\t\t\t\t\t<\/div>\n\t\t\t\t\t<\/div>\n\t\t<\/section>\n\t\t\t\t<section class=\"elementor-section elementor-top-section elementor-element elementor-element-7d5b9790 elementor-section-boxed elementor-section-height-default elementor-section-height-default\" data-id=\"7d5b9790\" data-element_type=\"section\">\n\t\t\t\t\t\t<div class=\"elementor-container elementor-column-gap-default\">\n\t\t\t\t\t\t\t<div class=\"elementor-row\">\n\t\t\t\t\t<div class=\"elementor-column elementor-col-100 elementor-top-column elementor-element elementor-element-45ad56e6\" data-id=\"45ad56e6\" data-element_type=\"column\">\n\t\t\t<div class=\"elementor-column-wrap elementor-element-populated\">\n\t\t\t\t\t\t\t<div class=\"elementor-widget-wrap\">\n\t\t\t\t\t\t<div class=\"elementor-element elementor-element-32496fed elementor-widget elementor-widget-text-editor\" data-id=\"32496fed\" data-element_type=\"widget\" data-widget_type=\"text-editor.default\">\n\t\t\t\t<div class=\"elementor-widget-container\">\n\t\t\t\t\t<div class=\"elementor-text-editor elementor-clearfix\"><h5><span style=\"color: #ffffff;\"><strong>EN SAVOIR PLUS<\/strong><\/span><\/h5><\/div>\n\t\t\t\t<\/div>\n\t\t\t\t<\/div>\n\t\t\t\t\t\t<\/div>\n\t\t\t\t\t<\/div>\n\t\t<\/div>\n\t\t\t\t\t\t\t\t<\/div>\n\t\t\t\t\t<\/div>\n\t\t<\/section>\n\t\t\t\t<section class=\"elementor-section elementor-top-section elementor-element elementor-element-283ba6aa elementor-section-boxed elementor-section-height-default elementor-section-height-default\" data-id=\"283ba6aa\" data-element_type=\"section\">\n\t\t\t\t\t\t<div class=\"elementor-container elementor-column-gap-default\">\n\t\t\t\t\t\t\t<div class=\"elementor-row\">\n\t\t\t\t\t<div class=\"elementor-column elementor-col-100 elementor-top-column elementor-element elementor-element-1cd5d035\" data-id=\"1cd5d035\" data-element_type=\"column\">\n\t\t\t<div class=\"elementor-column-wrap elementor-element-populated\">\n\t\t\t\t\t\t\t<div class=\"elementor-widget-wrap\">\n\t\t\t\t\t\t<div class=\"elementor-element elementor-element-7130645c elementor-widget elementor-widget-text-editor\" data-id=\"7130645c\" data-element_type=\"widget\" data-widget_type=\"text-editor.default\">\n\t\t\t\t<div class=\"elementor-widget-container\">\n\t\t\t\t\t<div class=\"elementor-text-editor elementor-clearfix\"><h2><span style=\"color: #000000;\"><strong><span style=\"color: #000000;\">Hautes performances dans un format impressionnant !<\/span><br \/><\/strong><\/span><\/h2><\/div>\n\t\t\t\t<\/div>\n\t\t\t\t<\/div>\n\t\t\t\t\t\t<\/div>\n\t\t\t\t\t<\/div>\n\t\t<\/div>\n\t\t\t\t\t\t\t\t<\/div>\n\t\t\t\t\t<\/div>\n\t\t<\/section>\n\t\t\t\t<section class=\"elementor-section elementor-top-section elementor-element elementor-element-422fac78 elementor-section-boxed elementor-section-height-default elementor-section-height-default\" data-id=\"422fac78\" data-element_type=\"section\">\n\t\t\t\t\t\t<div class=\"elementor-container elementor-column-gap-default\">\n\t\t\t\t\t\t\t<div class=\"elementor-row\">\n\t\t\t\t\t<div class=\"elementor-column elementor-col-100 elementor-top-column elementor-element elementor-element-6805acb\" data-id=\"6805acb\" data-element_type=\"column\">\n\t\t\t<div class=\"elementor-column-wrap elementor-element-populated\">\n\t\t\t\t\t\t\t<div class=\"elementor-widget-wrap\">\n\t\t\t\t\t\t<div class=\"elementor-element elementor-element-4ce77ce9 elementor-widget elementor-widget-text-editor\" data-id=\"4ce77ce9\" data-element_type=\"widget\" data-widget_type=\"text-editor.default\">\n\t\t\t\t<div class=\"elementor-widget-container\">\n\t\t\t\t\t<div class=\"elementor-text-editor elementor-clearfix\"><div><p><span style=\"color: #333333;\">Design r\u00e9solument gamer pour l\u2019<strong>HP Pavilion Gaming 15-ec2146nf<\/strong>, PC portable polyvalent noir con\u00e7u pour jouer et cr\u00e9er doter d\u2019un \u00e9cran 15 pouces Full HD antireflet, d\u2019un clavier r\u00e9tro \u00e9clair\u00e9 ou encore d\u2019une connectique avec USB-C et Wi-Fi ax. Performant gr\u00e2ce \u00e0 ses 8 Go de m\u00e9moire vive et son processeur Hexa Core AMD Cezanne Ryzen 5 qui acc\u00e9l\u00e8re les traitements multim\u00e9dias \u00e0 l\u2019instar de la carte graphique GeForce GTX 1650 NVIDIA Turing capable de faire tourner nombre de jeux. Par ailleurs, un stockage SSD est int\u00e9gr\u00e9 \u00e0 cet ordinateur portable polyvalent pour joueur et cr\u00e9ateur.<\/span><\/p><\/div><\/div>\n\t\t\t\t<\/div>\n\t\t\t\t<\/div>\n\t\t\t\t\t\t<\/div>\n\t\t\t\t\t<\/div>\n\t\t<\/div>\n\t\t\t\t\t\t\t\t<\/div>\n\t\t\t\t\t<\/div>\n\t\t<\/section>\n\t\t\t\t<section class=\"elementor-section elementor-top-section elementor-element elementor-element-74bf501b elementor-section-boxed elementor-section-height-default elementor-section-height-default\" data-id=\"74bf501b\" data-element_type=\"section\">\n\t\t\t\t\t\t<div class=\"elementor-container elementor-column-gap-default\">\n\t\t\t\t\t\t\t<div class=\"elementor-row\">\n\t\t\t\t\t<div class=\"elementor-column elementor-col-100 elementor-top-column elementor-element elementor-element-24126355\" data-id=\"24126355\" data-element_type=\"column\">\n\t\t\t<div class=\"elementor-column-wrap elementor-element-populated\">\n\t\t\t\t\t\t\t<div class=\"elementor-widget-wrap\">\n\t\t\t\t\t\t<div class=\"elementor-element elementor-element-2d4f21c9 elementor-widget elementor-widget-image\" data-id=\"2d4f21c9\" data-element_type=\"widget\" data-widget_type=\"image.default\">\n\t\t\t\t<div class=\"elementor-widget-container\">\n\t\t\t\t\t<div class=\"elementor-image\">\n\t\t\t\t\t\t\t\t\t\t<img loading=\"lazy\" decoding=\"async\" width=\"720\" height=\"508\" src=\"https:\/\/enhakkore.net\/produits\/wp-content\/uploads\/2022\/03\/HP-PAVILION-15-EC2146NF-1-1024x722.jpg\" class=\"attachment-large size-large\" alt=\"\" srcset=\"https:\/\/enhakkore.net\/produits\/wp-content\/uploads\/2022\/03\/HP-PAVILION-15-EC2146NF-1-1024x722.jpg 1024w, https:\/\/enhakkore.net\/produits\/wp-content\/uploads\/2022\/03\/HP-PAVILION-15-EC2146NF-1-300x212.jpg 300w, https:\/\/enhakkore.net\/produits\/wp-content\/uploads\/2022\/03\/HP-PAVILION-15-EC2146NF-1-768x541.jpg 768w, https:\/\/enhakkore.net\/produits\/wp-content\/uploads\/2022\/03\/HP-PAVILION-15-EC2146NF-1.jpg 1200w\" sizes=\"auto, (max-width: 720px) 100vw, 720px\" \/>\t\t\t\t\t\t\t\t\t\t\t<\/div>\n\t\t\t\t<\/div>\n\t\t\t\t<\/div>\n\t\t\t\t\t\t<\/div>\n\t\t\t\t\t<\/div>\n\t\t<\/div>\n\t\t\t\t\t\t\t\t<\/div>\n\t\t\t\t\t<\/div>\n\t\t<\/section>\n\t\t\t\t<section class=\"elementor-section elementor-top-section elementor-element elementor-element-5d7784bf elementor-section-boxed elementor-section-height-default elementor-section-height-default\" data-id=\"5d7784bf\" data-element_type=\"section\">\n\t\t\t\t\t\t<div class=\"elementor-container elementor-column-gap-default\">\n\t\t\t\t\t\t\t<div class=\"elementor-row\">\n\t\t\t\t\t<div class=\"elementor-column elementor-col-100 elementor-top-column elementor-element elementor-element-6dae6701\" data-id=\"6dae6701\" data-element_type=\"column\">\n\t\t\t<div class=\"elementor-column-wrap elementor-element-populated\">\n\t\t\t\t\t\t\t<div class=\"elementor-widget-wrap\">\n\t\t\t\t\t\t<div class=\"elementor-element elementor-element-50e7fa1d elementor-widget elementor-widget-text-editor\" data-id=\"50e7fa1d\" data-element_type=\"widget\" data-widget_type=\"text-editor.default\">\n\t\t\t\t<div class=\"elementor-widget-container\">\n\t\t\t\t\t<div class=\"elementor-text-editor elementor-clearfix\"><p><span style=\"color: #333333;\"><b>Concurrence<\/b><\/span><\/p><p><span style=\"color: #333333;\">L\u2019HP Pavilion Gaming 15-ec2146nf est en ce moment disponible chez <strong>Enhakkore<\/strong> et offre un rapport configuration\/prix int\u00e9ressant pour sa cat\u00e9gorie\u00a0o\u00f9 il est l\u2019un des seuls \u00e0 profiter d\u2019un processeur aussi performant tout en \u00e9tant aussi l\u00e9ger.<\/span><\/p><p><span style=\"color: #333333;\">Si cet HP Pavilion Gaming 15-ec2146nf ne r\u00e9pond pas \u00e0 tous vos crit\u00e8res, vous trouverez sur notre guide\u00a0<strong>PC portable Gamer<\/strong>\u00a0d\u2019autres configurations pour jouer avec un budget similaire. A budget \u00e9gal, privil\u00e9giez le mod\u00e8le qui a la carte graphique la plus puissante, c\u2019est elle qui aura le plus d\u2019impact sur les performances.<\/span><\/p><p><span style=\"color: #333333;\"><b>Ch\u00e2ssis<\/b><strong>, connectique, \u00e9cran<\/strong><\/span><\/p><p><span style=\"color: #333333;\">Il arbore un design clairement gamer avec son ch\u00e2ssis Noir c\u00e9leste aux lignes anguleuses.<\/span><\/p><p><span style=\"color: #333333;\">Rechargeable \u00e0 50% en 45 minutes est bonne, ce PC portable polyvalent gamer orient\u00e9 cr\u00e9ateur est \u00e9quip\u00e9 d\u2019une bonne connectique avec son USB-C, ses modules Wi-Fi ax (<em>plus r\u00e9cent et performant que le Wi-Fi ac<\/em>) et Bluetooth 5.2 pour des connexions et communications \u00e0 distance sans-fil, sa sortie vid\u00e9o HDMI pratique pour le relier facilement cet ordinateur \u00e0 une TV ou un moniteur par exemple, ses ports Ethernet et audio ou encore ses 2 USB dont 1 USB 3.0 (compatible USB 2.0) garantissant des transferts jusqu\u2019\u00e0 10 fois plus rapides qu\u2019en USB 2.0 si l\u2019on y connecte un p\u00e9riph\u00e9rique USB 3.0.<\/span><\/p><p><span style=\"color: #333333;\">On peut r\u00e9tro \u00e9clairer les touches du clavier chiclet ce qui est tr\u00e8s pratique pour mieux distinguer ses touches en cas de luminosit\u00e9 ambiante r\u00e9duite. L\u2019\u00e9cran lui se pr\u00eate bien \u00e0 l\u2019affichage de contenus Haute D\u00e9finition telles que les vid\u00e9os car il adopte une d\u00e9finition pr\u00e9cise Full HD associ\u00e9e \u00e0 un format 16\/9\u00e8me. Trait\u00e9 antireflet, l\u2019\u00e9cran se montre aussi plus lisible qu\u2019une dalle brillante en environnement lumineux (ex : ext\u00e9rieur).<\/span><\/p><p><span style=\"color: #333333;\"><strong>Performance et autonomie<\/strong><\/span><\/p><p><span style=\"color: #333333;\">L\u2019HP Pavilion Gaming 15-ec2146nf est un PC portable polyvalent Haute D\u00e9finition de 15 pouces performant orient\u00e9 cr\u00e9ation et jeu.<\/span><\/p><p><span style=\"color: #333333;\">La technologie NVIDIA Optimus est de la partie. Elle bascule automatiquement et en temps r\u00e9el en fonction des besoins entre la GeForce GTX 1650 et la solution Radeon Vega 8 log\u00e9e au sein du processeur.<\/span><\/p><p><span style=\"color: #333333;\">La Vega 8 est privil\u00e9gi\u00e9e au maximum par Optimus en pratique, alors que ses prestations sont nettement inf\u00e9rieures \u00e0 celles de la GeForce GTX 1650, car elle est \u00e9conome en \u00e9nergie et favorise ainsi l\u2019autonomie. En la mati\u00e8re, misez environ 5 heures de fonctionnement sur batterie en utilisation l\u00e9g\u00e8re.<\/span><\/p><p><span style=\"color: #333333;\">La GeForce GTX 1650 est donc activ\u00e9e par Optimus pour effectuer les travaux graphiques jug\u00e9s trop lourds pour la Radeon Vega 8, typiquement pour jouer. Bien s\u00fbr avec l\u2019une ou l\u2019autre, on peut regarder des photos et vid\u00e9os.<\/span><\/p><p><span style=\"color: #333333;\">C\u2019est le Ryzen 5 5600H AMD APU (Accelerated Processing Unit) Cezanne Hexa Core qui accueille la Radeon Vega 8 en son sein. Ce processeur est ici coupl\u00e9 \u00e0 8 Go de m\u00e9moire vive pour d\u00e9livrer de solides performances g\u00e9n\u00e9rales en mesure de satisfaire de nombreux utilisateurs.<\/span><\/p><p><span style=\"color: #333333;\">Le Ryzen 5 5600H a l\u2019avantage d\u2019acc\u00e9l\u00e9rer les traitements par rapport \u00e0 un Quad Core, et ce particuli\u00e8rement dans les domaines gourmands en ressources CPU tirant parti du multic\u0153urs, comme en retouche photo, montage vid\u00e9o ou rendu 3D.<\/span><\/p><p><span style=\"color: #333333;\">Les cr\u00e9ateurs pourront donc \u00eatre int\u00e9ress\u00e9s par ce PC, d\u2019autant que la GeForce GTX 1650 acc\u00e9l\u00e8re les traitements sous des logiciels exploitant la puissance de calcul GPU, comme Adobe Photoshop ou Sony Vegas.<\/span><\/p><p><span style=\"color: #333333;\">La GeForce GTX 1650 NVIDIA Turing int\u00e9ressera aussi les joueurs car elle est en mesure de prendre en charge nombre de jeux moyennant des concessions sous les opus exigeants en ressources graphiques pour obtenir une bonne jouabilit\u00e9.<\/span><\/p><p><span style=\"color: #333333;\">Pour ce qui est du stockage, on a affaire \u00e0 un SSD qui renforce clairement la fluidit\u00e9 et r\u00e9activit\u00e9 au quotidien par rapport \u00e0 un simple disque dur. Il faut dire qu\u2019un SSD est silencieux, moins \u00e9nergivore, plus robuste et beaucoup plus v\u00e9loce.<\/span><\/p><\/div>\n\t\t\t\t<\/div>\n\t\t\t\t<\/div>\n\t\t\t\t\t\t<\/div>\n\t\t\t\t\t<\/div>\n\t\t<\/div>\n\t\t\t\t\t\t\t\t<\/div>\n\t\t\t\t\t<\/div>\n\t\t<\/section>\n\t\t\t\t<section class=\"elementor-section elementor-top-section elementor-element elementor-element-2df3158 elementor-section-boxed elementor-section-height-default elementor-section-height-default\" data-id=\"2df3158\" data-element_type=\"section\">\n\t\t\t\t\t\t<div class=\"elementor-container elementor-column-gap-default\">\n\t\t\t\t\t\t\t<div class=\"elementor-row\">\n\t\t\t\t\t<div class=\"elementor-column elementor-col-100 elementor-top-column elementor-element elementor-element-2e3e3a7f\" data-id=\"2e3e3a7f\" data-element_type=\"column\">\n\t\t\t<div class=\"elementor-column-wrap elementor-element-populated\">\n\t\t\t\t\t\t\t<div class=\"elementor-widget-wrap\">\n\t\t\t\t\t\t<div class=\"elementor-element elementor-element-5db77983 elementor-widget elementor-widget-text-editor\" data-id=\"5db77983\" data-element_type=\"widget\" data-widget_type=\"text-editor.default\">\n\t\t\t\t<div class=\"elementor-widget-container\">\n\t\t\t\t\t<div class=\"elementor-text-editor elementor-clearfix\"><table width=\"650\"><tbody><tr><td width=\"181\"><p><strong><span style=\"color: #333333;\">\u00c9cran<\/span><\/strong><\/p><\/td><td><p><span style=\"color: #333333;\">15.6\u2019\u2019 Full HD LED micro-bords 45% NTSC 250cd\/m\u00b2 (1920\u00d71080, antireflet\/mate)<\/span><\/p><\/td><\/tr><tr><td width=\"181\"><p><strong><span style=\"color: #333333;\">Processeur<\/span><\/strong><\/p><\/td><td><p><span style=\"color: #333333;\">AMD Ryzen 5 5600H Cezanne (3.3 GHz, 6 c\u0153urs)<\/span><\/p><\/td><\/tr><tr><td width=\"181\"><p><strong><span style=\"color: #333333;\">M\u00e9moire vive install\u00e9e (max)<\/span><\/strong><\/p><\/td><td><p><span style=\"color: #333333;\">8 Go (2 x 4 Go) DDR4 3200MHz (32 Go), 2 slots (occup\u00e9s)<\/span><\/p><\/td><\/tr><tr><td width=\"181\"><p><strong><span style=\"color: #333333;\">Carte graphique<\/span><\/strong><\/p><\/td><td><p><span style=\"color: #333333;\">NVIDIA Turing GeForce GTX 1650 4 Go GDDR6 d\u00e9di\u00e9s, AMD Radeon Vega 7 int\u00e9gr\u00e9e au processeur, Optimus<\/span><\/p><\/td><\/tr><tr><td width=\"181\"><p><strong><span style=\"color: #333333;\">Stockage<\/span><\/strong><\/p><\/td><td><p><span style=\"color: #333333;\">SSD M.2 de 512 Go (NVMe PCIe)<\/span><\/p><\/td><\/tr><tr><td width=\"181\"><p><strong><span style=\"color: #333333;\">Connectique<\/span><\/strong><\/p><\/td><td><p><span style=\"color: #333333;\">1 USB 3.0 + 1 USB 2.0 + 1 USB 3.1 Type-C (Gen1), HDMI 2.0, SD<\/span><\/p><\/td><\/tr><tr><td width=\"181\"><p><strong><span style=\"color: #333333;\">R\u00e9seau<\/span><\/strong><\/p><\/td><td><p><span style=\"color: #333333;\">Wi-Fi ax (2\u00d72, Realtek), Bluetooth 5.2 + Ethernet Gigabit<\/span><\/p><\/td><\/tr><tr><td width=\"181\"><p><strong><span style=\"color: #333333;\">Clavier r\u00e9tro \u00e9clair\u00e9<\/span><\/strong><\/p><\/td><td><p><span style=\"color: #333333;\">Oui<\/span><\/p><\/td><\/tr><tr><td width=\"181\"><p><strong><span style=\"color: #333333;\">Pav\u00e9 num\u00e9rique<\/span><\/strong><\/p><\/td><td><p><span style=\"color: #333333;\">Oui<\/span><\/p><\/td><\/tr><tr><td width=\"181\"><p><strong><span style=\"color: #333333;\">Windows Hello<\/span><\/strong><\/p><\/td><td><p><span style=\"color: #333333;\">\u2013<\/span><\/p><\/td><\/tr><tr><td width=\"181\"><p><strong><span style=\"color: #333333;\">Syst\u00e8me audio<\/span><\/strong><\/p><\/td><td><p><span style=\"color: #333333;\">2 haut-parleurs Bang&amp;Olufsen, Audio Boost<\/span><\/p><\/td><\/tr><tr><td width=\"181\"><p><strong><span style=\"color: #333333;\">Syst\u00e8me d\u2019exploitation<\/span><\/strong><\/p><\/td><td><p><span style=\"color: #333333;\">Windows 10 64 bits<\/span><\/p><\/td><\/tr><tr><td width=\"181\"><p><strong><span style=\"color: #333333;\">Autonomie annonc\u00e9e \/ Batterie<\/span><\/strong><\/p><\/td><td><p><span style=\"color: #333333;\">7 heures \/ Li-Polym\u00e8re 3 cellules 52.5Whr (210 grammes)<\/span><\/p><\/td><\/tr><tr><td width=\"181\"><p><strong><span style=\"color: #333333;\">Poids \/ Dimensions (mm)<\/span><\/strong><\/p><\/td><td><p><span style=\"color: #333333;\">1.98 Kg \/ 360 x 257 x 23.5<\/span><\/p><\/td><\/tr><\/tbody><\/table><\/div>\n\t\t\t\t<\/div>\n\t\t\t\t<\/div>\n\t\t\t\t\t\t<\/div>\n\t\t\t\t\t<\/div>\n\t\t<\/div>\n\t\t\t\t\t\t\t\t<\/div>\n\t\t\t\t\t<\/div>\n\t\t<\/section>\n\t\t\t\t\t\t<\/div>\n\t\t\t\t\t\t<\/div>\n\t\t\t\t\t<\/div>\n\t\t","protected":false},"excerpt":{"rendered":"<p>650.000 F CFA HP PAVILION GAMING 15-EC2146NF EN SAVOIR PLUS Hautes performances dans un format impressionnant ! Design r\u00e9solument gamer pour l\u2019HP Pavilion Gaming 15-ec2146nf, PC portable polyvalent noir con\u00e7u pour jouer et cr\u00e9er doter d\u2019un \u00e9cran 15 pouces Full HD antireflet, d\u2019un clavier r\u00e9tro \u00e9clair\u00e9 ou encore d\u2019une connectique avec USB-C et Wi-Fi ax. [&hellip;]<\/p>\n","protected":false},"author":2,"featured_media":0,"parent":0,"menu_order":0,"comment_status":"closed","ping_status":"closed","template":"","meta":{"footnotes":""},"class_list":["post-3465","page","type-page","status-publish","hentry","post"],"_links":{"self":[{"href":"https:\/\/enhakkore.net\/produits\/wp-json\/wp\/v2\/pages\/3465","targetHints":{"allow":["GET"]}}],"collection":[{"href":"https:\/\/enhakkore.net\/produits\/wp-json\/wp\/v2\/pages"}],"about":[{"href":"https:\/\/enhakkore.net\/produits\/wp-json\/wp\/v2\/types\/page"}],"author":[{"embeddable":true,"href":"https:\/\/enhakkore.net\/produits\/wp-json\/wp\/v2\/users\/2"}],"replies":[{"embeddable":true,"href":"https:\/\/enhakkore.net\/produits\/wp-json\/wp\/v2\/comments?post=3465"}],"version-history":[{"count":4,"href":"https:\/\/enhakkore.net\/produits\/wp-json\/wp\/v2\/pages\/3465\/revisions"}],"predecessor-version":[{"id":3539,"href":"https:\/\/enhakkore.net\/produits\/wp-json\/wp\/v2\/pages\/3465\/revisions\/3539"}],"wp:attachment":[{"href":"https:\/\/enhakkore.net\/produits\/wp-json\/wp\/v2\/media?parent=3465"}],"curies":[{"name":"wp","href":"https:\/\/api.w.org\/{rel}","templated":true}]}}