{"id":2175,"date":"2022-02-11T14:42:56","date_gmt":"2022-02-11T13:42:56","guid":{"rendered":"https:\/\/enhakkore.net\/produits\/?page_id=2175"},"modified":"2022-02-11T15:01:36","modified_gmt":"2022-02-11T14:01:36","slug":"ai-noise-canceling-mic-adapter","status":"publish","type":"page","link":"https:\/\/enhakkore.net\/produits\/ai-noise-canceling-mic-adapter\/","title":{"rendered":"ASUS AI NOISE CANCELING MIC ADAPTER"},"content":{"rendered":"\t\t<div data-elementor-type=\"wp-page\" data-elementor-id=\"2175\" class=\"elementor elementor-2175\" data-elementor-settings=\"[]\">\n\t\t\t\t\t\t<div class=\"elementor-inner\">\n\t\t\t\t\t\t\t<div class=\"elementor-section-wrap\">\n\t\t\t\t\t\t\t<section class=\"elementor-section elementor-top-section elementor-element elementor-element-38628361 elementor-section-boxed elementor-section-height-default elementor-section-height-default\" data-id=\"38628361\" data-element_type=\"section\">\n\t\t\t\t\t\t<div class=\"elementor-container elementor-column-gap-default\">\n\t\t\t\t\t\t\t<div class=\"elementor-row\">\n\t\t\t\t\t<div class=\"elementor-column elementor-col-100 elementor-top-column elementor-element elementor-element-5e393329\" data-id=\"5e393329\" data-element_type=\"column\">\n\t\t\t<div class=\"elementor-column-wrap elementor-element-populated\">\n\t\t\t\t\t\t\t<div class=\"elementor-widget-wrap\">\n\t\t\t\t\t\t<div class=\"elementor-element elementor-element-2418bb8 elementor-widget elementor-widget-image\" data-id=\"2418bb8\" data-element_type=\"widget\" data-widget_type=\"image.default\">\n\t\t\t\t<div class=\"elementor-widget-container\">\n\t\t\t\t\t<div class=\"elementor-image\">\n\t\t\t\t\t\t\t\t\t\t\t<a href=\"https:\/\/enhakkore.net\/produits\/wp-content\/uploads\/2022\/02\/AI-NOISE-CANCELING-MIC-ADAPTER.png\" data-elementor-open-lightbox=\"yes\" data-elementor-lightbox-title=\"AI NOISE CANCELING MIC ADAPTER\">\n\t\t\t\t\t\t\t<img loading=\"lazy\" decoding=\"async\" width=\"300\" height=\"300\" src=\"https:\/\/enhakkore.net\/produits\/wp-content\/uploads\/2022\/02\/AI-NOISE-CANCELING-MIC-ADAPTER-300x300.png\" class=\"attachment-medium size-medium\" alt=\"\" srcset=\"https:\/\/enhakkore.net\/produits\/wp-content\/uploads\/2022\/02\/AI-NOISE-CANCELING-MIC-ADAPTER-300x300.png 300w, https:\/\/enhakkore.net\/produits\/wp-content\/uploads\/2022\/02\/AI-NOISE-CANCELING-MIC-ADAPTER-1024x1024.png 1024w, https:\/\/enhakkore.net\/produits\/wp-content\/uploads\/2022\/02\/AI-NOISE-CANCELING-MIC-ADAPTER-150x150.png 150w, https:\/\/enhakkore.net\/produits\/wp-content\/uploads\/2022\/02\/AI-NOISE-CANCELING-MIC-ADAPTER-768x768.png 768w, https:\/\/enhakkore.net\/produits\/wp-content\/uploads\/2022\/02\/AI-NOISE-CANCELING-MIC-ADAPTER-1536x1536.png 1536w, https:\/\/enhakkore.net\/produits\/wp-content\/uploads\/2022\/02\/AI-NOISE-CANCELING-MIC-ADAPTER-2048x2048.png 2048w\" sizes=\"auto, (max-width: 300px) 100vw, 300px\" \/>\t\t\t\t\t\t\t\t<\/a>\n\t\t\t\t\t\t\t\t\t\t\t<\/div>\n\t\t\t\t<\/div>\n\t\t\t\t<\/div>\n\t\t\t\t\t\t<\/div>\n\t\t\t\t\t<\/div>\n\t\t<\/div>\n\t\t\t\t\t\t\t\t<\/div>\n\t\t\t\t\t<\/div>\n\t\t<\/section>\n\t\t\t\t<section class=\"elementor-section elementor-top-section elementor-element elementor-element-318d148d elementor-section-boxed elementor-section-height-default elementor-section-height-default\" data-id=\"318d148d\" data-element_type=\"section\">\n\t\t\t\t\t\t<div class=\"elementor-container elementor-column-gap-default\">\n\t\t\t\t\t\t\t<div class=\"elementor-row\">\n\t\t\t\t\t<div class=\"elementor-column elementor-col-100 elementor-top-column elementor-element elementor-element-326667\" data-id=\"326667\" data-element_type=\"column\">\n\t\t\t<div class=\"elementor-column-wrap elementor-element-populated\">\n\t\t\t\t\t\t\t<div class=\"elementor-widget-wrap\">\n\t\t\t\t\t\t<div class=\"elementor-element elementor-element-2ec79772 elementor-widget-divider--view-line elementor-widget elementor-widget-divider\" data-id=\"2ec79772\" data-element_type=\"widget\" data-widget_type=\"divider.default\">\n\t\t\t\t<div class=\"elementor-widget-container\">\n\t\t\t\t\t<div class=\"elementor-divider\">\n\t\t\t<span class=\"elementor-divider-separator\">\n\t\t\t\t\t\t<\/span>\n\t\t<\/div>\n\t\t\t\t<\/div>\n\t\t\t\t<\/div>\n\t\t\t\t\t\t<\/div>\n\t\t\t\t\t<\/div>\n\t\t<\/div>\n\t\t\t\t\t\t\t\t<\/div>\n\t\t\t\t\t<\/div>\n\t\t<\/section>\n\t\t\t\t<section class=\"elementor-section elementor-top-section elementor-element elementor-element-36e64248 elementor-section-boxed elementor-section-height-default elementor-section-height-default\" data-id=\"36e64248\" data-element_type=\"section\">\n\t\t\t\t\t\t<div class=\"elementor-container elementor-column-gap-default\">\n\t\t\t\t\t\t\t<div class=\"elementor-row\">\n\t\t\t\t\t<div class=\"elementor-column elementor-col-100 elementor-top-column elementor-element elementor-element-34e92269\" data-id=\"34e92269\" data-element_type=\"column\">\n\t\t\t<div class=\"elementor-column-wrap elementor-element-populated\">\n\t\t\t\t\t\t\t<div class=\"elementor-widget-wrap\">\n\t\t\t\t\t\t<div class=\"elementor-element elementor-element-6d04c787 elementor-widget elementor-widget-text-editor\" data-id=\"6d04c787\" data-element_type=\"widget\" data-widget_type=\"text-editor.default\">\n\t\t\t\t<div class=\"elementor-widget-container\">\n\t\t\t\t\t<div class=\"elementor-text-editor elementor-clearfix\"><h3><span style=\"color: #000000;\"><strong><span style=\"color: #ff0000;\"><em>\u00a0\u00bb Nous contacter \u00ab\u00a0<\/em><\/span><br \/><\/strong><\/span><\/h3><\/div>\n\t\t\t\t<\/div>\n\t\t\t\t<\/div>\n\t\t\t\t\t\t<\/div>\n\t\t\t\t\t<\/div>\n\t\t<\/div>\n\t\t\t\t\t\t\t\t<\/div>\n\t\t\t\t\t<\/div>\n\t\t<\/section>\n\t\t\t\t<section class=\"elementor-section elementor-top-section elementor-element elementor-element-7fa5bff8 elementor-section-boxed elementor-section-height-default elementor-section-height-default\" data-id=\"7fa5bff8\" data-element_type=\"section\">\n\t\t\t\t\t\t<div class=\"elementor-container elementor-column-gap-default\">\n\t\t\t\t\t\t\t<div class=\"elementor-row\">\n\t\t\t\t\t<div class=\"elementor-column elementor-col-100 elementor-top-column elementor-element elementor-element-27ff2221\" data-id=\"27ff2221\" data-element_type=\"column\">\n\t\t\t<div class=\"elementor-column-wrap elementor-element-populated\">\n\t\t\t\t\t\t\t<div class=\"elementor-widget-wrap\">\n\t\t\t\t\t\t<div class=\"elementor-element elementor-element-5a8d34c3 elementor-widget-divider--view-line elementor-widget elementor-widget-divider\" data-id=\"5a8d34c3\" data-element_type=\"widget\" data-widget_type=\"divider.default\">\n\t\t\t\t<div class=\"elementor-widget-container\">\n\t\t\t\t\t<div class=\"elementor-divider\">\n\t\t\t<span class=\"elementor-divider-separator\">\n\t\t\t\t\t\t<\/span>\n\t\t<\/div>\n\t\t\t\t<\/div>\n\t\t\t\t<\/div>\n\t\t\t\t\t\t<\/div>\n\t\t\t\t\t<\/div>\n\t\t<\/div>\n\t\t\t\t\t\t\t\t<\/div>\n\t\t\t\t\t<\/div>\n\t\t<\/section>\n\t\t\t\t<section class=\"elementor-section elementor-top-section elementor-element elementor-element-5d2fd262 elementor-section-boxed elementor-section-height-default elementor-section-height-default\" data-id=\"5d2fd262\" data-element_type=\"section\">\n\t\t\t\t\t\t<div class=\"elementor-container elementor-column-gap-default\">\n\t\t\t\t\t\t\t<div class=\"elementor-row\">\n\t\t\t\t\t<div class=\"elementor-column elementor-col-100 elementor-top-column elementor-element elementor-element-31089184\" data-id=\"31089184\" data-element_type=\"column\">\n\t\t\t<div class=\"elementor-column-wrap elementor-element-populated\">\n\t\t\t\t\t\t\t<div class=\"elementor-widget-wrap\">\n\t\t\t\t\t\t<div class=\"elementor-element elementor-element-25777b44 elementor-widget elementor-widget-text-editor\" data-id=\"25777b44\" data-element_type=\"widget\" data-widget_type=\"text-editor.default\">\n\t\t\t\t<div class=\"elementor-widget-container\">\n\t\t\t\t\t<div class=\"elementor-text-editor elementor-clearfix\"><h1 class=\"title-1\"><span style=\"color: #000000;\"><strong>AI NOISE CANCELING MIC ADAPTER<br \/><\/strong><\/span><\/h1><\/div>\n\t\t\t\t<\/div>\n\t\t\t\t<\/div>\n\t\t\t\t\t\t<\/div>\n\t\t\t\t\t<\/div>\n\t\t<\/div>\n\t\t\t\t\t\t\t\t<\/div>\n\t\t\t\t\t<\/div>\n\t\t<\/section>\n\t\t\t\t<section class=\"elementor-section elementor-top-section elementor-element elementor-element-71a7a125 elementor-section-boxed elementor-section-height-default elementor-section-height-default\" data-id=\"71a7a125\" data-element_type=\"section\">\n\t\t\t\t\t\t<div class=\"elementor-container elementor-column-gap-default\">\n\t\t\t\t\t\t\t<div class=\"elementor-row\">\n\t\t\t\t\t<div class=\"elementor-column elementor-col-100 elementor-top-column elementor-element elementor-element-720c84f3\" data-id=\"720c84f3\" data-element_type=\"column\">\n\t\t\t<div class=\"elementor-column-wrap elementor-element-populated\">\n\t\t\t\t\t\t\t<div class=\"elementor-widget-wrap\">\n\t\t\t\t\t\t<div class=\"elementor-element elementor-element-1ac3600f elementor-widget elementor-widget-text-editor\" data-id=\"1ac3600f\" data-element_type=\"widget\" data-widget_type=\"text-editor.default\">\n\t\t\t\t<div class=\"elementor-widget-container\">\n\t\t\t\t\t<div class=\"elementor-text-editor elementor-clearfix\"><h5><span style=\"color: #ffffff;\"><strong>EN SAVOIR PLUS<\/strong><\/span><\/h5><\/div>\n\t\t\t\t<\/div>\n\t\t\t\t<\/div>\n\t\t\t\t\t\t<\/div>\n\t\t\t\t\t<\/div>\n\t\t<\/div>\n\t\t\t\t\t\t\t\t<\/div>\n\t\t\t\t\t<\/div>\n\t\t<\/section>\n\t\t\t\t<section class=\"elementor-section elementor-top-section elementor-element elementor-element-54693a04 elementor-section-boxed elementor-section-height-default elementor-section-height-default\" data-id=\"54693a04\" data-element_type=\"section\">\n\t\t\t\t\t\t<div class=\"elementor-container elementor-column-gap-default\">\n\t\t\t\t\t\t\t<div class=\"elementor-row\">\n\t\t\t\t\t<div class=\"elementor-column elementor-col-100 elementor-top-column elementor-element elementor-element-2bf4f711\" data-id=\"2bf4f711\" data-element_type=\"column\">\n\t\t\t<div class=\"elementor-column-wrap elementor-element-populated\">\n\t\t\t\t\t\t\t<div class=\"elementor-widget-wrap\">\n\t\t\t\t\t\t<div class=\"elementor-element elementor-element-15caff52 elementor-widget elementor-widget-text-editor\" data-id=\"15caff52\" data-element_type=\"widget\" data-widget_type=\"text-editor.default\">\n\t\t\t\t<div class=\"elementor-widget-container\">\n\t\t\t\t\t<div class=\"elementor-text-editor elementor-clearfix\"><h2><span style=\"color: #000000;\"><strong><span style=\"color: #000000;\">Travailler dans les meilleures conditions<\/span><br \/><\/strong><\/span><\/h2><\/div>\n\t\t\t\t<\/div>\n\t\t\t\t<\/div>\n\t\t\t\t\t\t<\/div>\n\t\t\t\t\t<\/div>\n\t\t<\/div>\n\t\t\t\t\t\t\t\t<\/div>\n\t\t\t\t\t<\/div>\n\t\t<\/section>\n\t\t\t\t<section class=\"elementor-section elementor-top-section elementor-element elementor-element-13b0be5f elementor-section-boxed elementor-section-height-default elementor-section-height-default\" data-id=\"13b0be5f\" data-element_type=\"section\">\n\t\t\t\t\t\t<div class=\"elementor-container elementor-column-gap-default\">\n\t\t\t\t\t\t\t<div class=\"elementor-row\">\n\t\t\t\t\t<div class=\"elementor-column elementor-col-100 elementor-top-column elementor-element elementor-element-3cfe03cf\" data-id=\"3cfe03cf\" data-element_type=\"column\">\n\t\t\t<div class=\"elementor-column-wrap elementor-element-populated\">\n\t\t\t\t\t\t\t<div class=\"elementor-widget-wrap\">\n\t\t\t\t\t\t<div class=\"elementor-element elementor-element-3b8fd9a6 elementor-widget elementor-widget-text-editor\" data-id=\"3b8fd9a6\" data-element_type=\"widget\" data-widget_type=\"text-editor.default\">\n\t\t\t\t<div class=\"elementor-widget-container\">\n\t\t\t\t\t<div class=\"elementor-text-editor elementor-clearfix\"><div><p><span style=\"color: #333333;\">La technologie d&rsquo;adaptateur de micro antibruit aliment\u00e9e par l&rsquo;intelligence artificielle am\u00e9liore les performances du micro de votre casque en minimisant les bruits de fond. Avec une puce int\u00e9gr\u00e9e, ASUS est le premier \u00e0 proposer une telle solution sans avoir \u00e0 acheter de logiciel suppl\u00e9mentaire ou \u00e0 solliciter la m\u00e9moire vive de l&rsquo;ordinateur. Dot\u00e9 de profils am\u00e9lior\u00e9s Ai- qui r\u00e9duisent plus de 50 millions de types de bruits de fond tout en pr\u00e9servant les harmoniques vocales.<\/span><br \/><span style=\"color: #333333;\">ADAPTATEUR MIC COMPATIBLE : comprend un connecteur USB-C et un connecteur USB 2.0 qui assurent une large compatibilit\u00e9 avec les t\u00e9l\u00e9phones mobiles, les PC, les Mac et les consoles de jeu. Quel que soit l&rsquo;appareil que vous utilisez, l&rsquo;adaptateur micro antibruit ASUS offrira une clart\u00e9 vocale constante, en bloquant les bruits ext\u00e9rieurs \u00e0 un degr\u00e9 \u00e9lev\u00e9.<\/span><br \/><span style=\"color: #333333;\">TECH HYPER-GROUNDING : L&rsquo;adaptateur micro anti-bruit pour casque est le dernier cri en mati\u00e8re de mat\u00e9riel technologique. La technologie Hyper-Grounding du convertisseur num\u00e9rique-analogique 96 kHz \/ 24 bits int\u00e9gr\u00e9 emp\u00eache les interf\u00e9rences \u00e9lectromagn\u00e9tiques gr\u00e2ce \u00e0 un circuit imprim\u00e9 multicouche et \u00e0 une conception sp\u00e9ciale de l&rsquo;agencement, ce qui permet d&rsquo;obtenir un son pur, exempt de bruits \u00e9lectromagn\u00e9tiques. Cela permet de r\u00e9duire les gr\u00e9sillements de la voix ou d&rsquo;autres interf\u00e9rences lorsque vous parlez.<\/span><br \/><span style=\"color: #333333;\">L\u00c9GER ET PORTABLE : Con\u00e7u pour \u00eatre l\u00e9ger (8 grammes) et compact, l&rsquo;adaptateur de micro antibruit ASUS Ai est hautement portable et se range facilement dans une poche ou un sac. Cela en fait le compagnon id\u00e9al, notamment pour les grands voyageurs.<\/span><\/p><\/div><\/div>\n\t\t\t\t<\/div>\n\t\t\t\t<\/div>\n\t\t\t\t\t\t<\/div>\n\t\t\t\t\t<\/div>\n\t\t<\/div>\n\t\t\t\t\t\t\t\t<\/div>\n\t\t\t\t\t<\/div>\n\t\t<\/section>\n\t\t\t\t<section class=\"elementor-section elementor-top-section elementor-element elementor-element-31415774 elementor-section-boxed elementor-section-height-default elementor-section-height-default\" data-id=\"31415774\" data-element_type=\"section\">\n\t\t\t\t\t\t<div class=\"elementor-container elementor-column-gap-default\">\n\t\t\t\t\t\t\t<div class=\"elementor-row\">\n\t\t\t\t\t<div class=\"elementor-column elementor-col-100 elementor-top-column elementor-element elementor-element-36c98e6f\" data-id=\"36c98e6f\" data-element_type=\"column\">\n\t\t\t<div class=\"elementor-column-wrap elementor-element-populated\">\n\t\t\t\t\t\t\t<div class=\"elementor-widget-wrap\">\n\t\t\t\t\t\t<div class=\"elementor-element elementor-element-36f39c5e elementor-widget elementor-widget-text-editor\" data-id=\"36f39c5e\" data-element_type=\"widget\" data-widget_type=\"text-editor.default\">\n\t\t\t\t<div class=\"elementor-widget-container\">\n\t\t\t\t\t<div class=\"elementor-text-editor elementor-clearfix\"><p><span style=\"color: #333333;\">Marque ASUS<br \/>Type de connecteur USB, jack 3,5 mm<br \/>Technologie de connectivit\u00e9 Filaire<br \/>Source d&rsquo;alimentation \u00e9lectrique filaire<br \/>Dispositifs compatibles Ordinateur personnel, Casque d&rsquo;\u00e9coute<br \/>Nombre de piles 1 Piles au lithium-ion requises.<br \/>Poids de l&rsquo;article 0,2 onces<br \/>Plate-forme mat\u00e9rielle PC<br \/>Nombre de canaux 1Libert\u00e9 sans fil<\/span><\/p><\/div>\n\t\t\t\t<\/div>\n\t\t\t\t<\/div>\n\t\t\t\t\t\t<\/div>\n\t\t\t\t\t<\/div>\n\t\t<\/div>\n\t\t\t\t\t\t\t\t<\/div>\n\t\t\t\t\t<\/div>\n\t\t<\/section>\n\t\t\t\t\t\t<\/div>\n\t\t\t\t\t\t<\/div>\n\t\t\t\t\t<\/div>\n\t\t","protected":false},"excerpt":{"rendered":"<p>\u00a0\u00bb Nous contacter \u00ab\u00a0 AI NOISE CANCELING MIC ADAPTER EN SAVOIR PLUS Travailler dans les meilleures conditions La technologie d&rsquo;adaptateur de micro antibruit aliment\u00e9e par l&rsquo;intelligence artificielle am\u00e9liore les performances du micro de votre casque en minimisant les bruits de fond. Avec une puce int\u00e9gr\u00e9e, ASUS est le premier \u00e0 proposer une telle solution sans [&hellip;]<\/p>\n","protected":false},"author":2,"featured_media":0,"parent":0,"menu_order":0,"comment_status":"closed","ping_status":"closed","template":"","meta":{"footnotes":""},"class_list":["post-2175","page","type-page","status-publish","hentry","post"],"_links":{"self":[{"href":"https:\/\/enhakkore.net\/produits\/wp-json\/wp\/v2\/pages\/2175","targetHints":{"allow":["GET"]}}],"collection":[{"href":"https:\/\/enhakkore.net\/produits\/wp-json\/wp\/v2\/pages"}],"about":[{"href":"https:\/\/enhakkore.net\/produits\/wp-json\/wp\/v2\/types\/page"}],"author":[{"embeddable":true,"href":"https:\/\/enhakkore.net\/produits\/wp-json\/wp\/v2\/users\/2"}],"replies":[{"embeddable":true,"href":"https:\/\/enhakkore.net\/produits\/wp-json\/wp\/v2\/comments?post=2175"}],"version-history":[{"count":11,"href":"https:\/\/enhakkore.net\/produits\/wp-json\/wp\/v2\/pages\/2175\/revisions"}],"predecessor-version":[{"id":2188,"href":"https:\/\/enhakkore.net\/produits\/wp-json\/wp\/v2\/pages\/2175\/revisions\/2188"}],"wp:attachment":[{"href":"https:\/\/enhakkore.net\/produits\/wp-json\/wp\/v2\/media?parent=2175"}],"curies":[{"name":"wp","href":"https:\/\/api.w.org\/{rel}","templated":true}]}}