{"id":1438,"date":"2021-02-26T12:16:29","date_gmt":"2021-02-26T11:16:29","guid":{"rendered":"https:\/\/enhakkore.net\/produits\/?page_id=1438"},"modified":"2021-02-26T12:27:36","modified_gmt":"2021-02-26T11:27:36","slug":"konix-drakkar-midgard-evo","status":"publish","type":"page","link":"https:\/\/enhakkore.net\/produits\/konix-drakkar-midgard-evo\/","title":{"rendered":"KONIX DRAKKAR MIDGARD EVO"},"content":{"rendered":"\t\t<div data-elementor-type=\"wp-page\" data-elementor-id=\"1438\" class=\"elementor elementor-1438\" data-elementor-settings=\"[]\">\n\t\t\t\t\t\t<div class=\"elementor-inner\">\n\t\t\t\t\t\t\t<div class=\"elementor-section-wrap\">\n\t\t\t\t\t\t\t<section class=\"elementor-section elementor-top-section elementor-element elementor-element-4530e64c elementor-section-boxed elementor-section-height-default elementor-section-height-default\" data-id=\"4530e64c\" data-element_type=\"section\">\n\t\t\t\t\t\t<div class=\"elementor-container elementor-column-gap-default\">\n\t\t\t\t\t\t\t<div class=\"elementor-row\">\n\t\t\t\t\t<div class=\"elementor-column elementor-col-100 elementor-top-column elementor-element elementor-element-4037ff4f\" data-id=\"4037ff4f\" data-element_type=\"column\">\n\t\t\t<div class=\"elementor-column-wrap elementor-element-populated\">\n\t\t\t\t\t\t\t<div class=\"elementor-widget-wrap\">\n\t\t\t\t\t\t<div class=\"elementor-element elementor-element-33cc8c45 elementor-widget elementor-widget-image\" data-id=\"33cc8c45\" data-element_type=\"widget\" data-widget_type=\"image.default\">\n\t\t\t\t<div class=\"elementor-widget-container\">\n\t\t\t\t\t<div class=\"elementor-image\">\n\t\t\t\t\t\t\t\t\t\t\t<a href=\"https:\/\/enhakkore.net\/produits\/wp-content\/uploads\/2021\/02\/KONIX-DRAKKAR-MIDGARD-EVO.jpg\" data-elementor-open-lightbox=\"yes\" data-elementor-lightbox-title=\"KONIX DRAKKAR MIDGARD EVO\">\n\t\t\t\t\t\t\t<img loading=\"lazy\" decoding=\"async\" width=\"300\" height=\"126\" src=\"https:\/\/enhakkore.net\/produits\/wp-content\/uploads\/2021\/02\/KONIX-DRAKKAR-MIDGARD-EVO-300x126.jpg\" class=\"attachment-medium size-medium\" alt=\"\" srcset=\"https:\/\/enhakkore.net\/produits\/wp-content\/uploads\/2021\/02\/KONIX-DRAKKAR-MIDGARD-EVO-300x126.jpg 300w, https:\/\/enhakkore.net\/produits\/wp-content\/uploads\/2021\/02\/KONIX-DRAKKAR-MIDGARD-EVO-1024x431.jpg 1024w, https:\/\/enhakkore.net\/produits\/wp-content\/uploads\/2021\/02\/KONIX-DRAKKAR-MIDGARD-EVO-768x324.jpg 768w, https:\/\/enhakkore.net\/produits\/wp-content\/uploads\/2021\/02\/KONIX-DRAKKAR-MIDGARD-EVO.jpg 1500w\" sizes=\"auto, (max-width: 300px) 100vw, 300px\" \/>\t\t\t\t\t\t\t\t<\/a>\n\t\t\t\t\t\t\t\t\t\t\t<\/div>\n\t\t\t\t<\/div>\n\t\t\t\t<\/div>\n\t\t\t\t\t\t<\/div>\n\t\t\t\t\t<\/div>\n\t\t<\/div>\n\t\t\t\t\t\t\t\t<\/div>\n\t\t\t\t\t<\/div>\n\t\t<\/section>\n\t\t\t\t<section class=\"elementor-section elementor-top-section elementor-element elementor-element-1cf93dd2 elementor-section-boxed elementor-section-height-default elementor-section-height-default\" data-id=\"1cf93dd2\" data-element_type=\"section\">\n\t\t\t\t\t\t<div class=\"elementor-container elementor-column-gap-default\">\n\t\t\t\t\t\t\t<div class=\"elementor-row\">\n\t\t\t\t\t<div class=\"elementor-column elementor-col-100 elementor-top-column elementor-element elementor-element-2638d38c\" data-id=\"2638d38c\" data-element_type=\"column\">\n\t\t\t<div class=\"elementor-column-wrap elementor-element-populated\">\n\t\t\t\t\t\t\t<div class=\"elementor-widget-wrap\">\n\t\t\t\t\t\t<div class=\"elementor-element elementor-element-590a230f elementor-widget-divider--view-line elementor-widget elementor-widget-divider\" data-id=\"590a230f\" data-element_type=\"widget\" data-widget_type=\"divider.default\">\n\t\t\t\t<div class=\"elementor-widget-container\">\n\t\t\t\t\t<div class=\"elementor-divider\">\n\t\t\t<span class=\"elementor-divider-separator\">\n\t\t\t\t\t\t<\/span>\n\t\t<\/div>\n\t\t\t\t<\/div>\n\t\t\t\t<\/div>\n\t\t\t\t\t\t<\/div>\n\t\t\t\t\t<\/div>\n\t\t<\/div>\n\t\t\t\t\t\t\t\t<\/div>\n\t\t\t\t\t<\/div>\n\t\t<\/section>\n\t\t\t\t<section class=\"elementor-section elementor-top-section elementor-element elementor-element-40c97dce elementor-section-boxed elementor-section-height-default elementor-section-height-default\" data-id=\"40c97dce\" data-element_type=\"section\">\n\t\t\t\t\t\t<div class=\"elementor-container elementor-column-gap-default\">\n\t\t\t\t\t\t\t<div class=\"elementor-row\">\n\t\t\t\t\t<div class=\"elementor-column elementor-col-100 elementor-top-column elementor-element elementor-element-37351c83\" data-id=\"37351c83\" data-element_type=\"column\">\n\t\t\t<div class=\"elementor-column-wrap elementor-element-populated\">\n\t\t\t\t\t\t\t<div class=\"elementor-widget-wrap\">\n\t\t\t\t\t\t<div class=\"elementor-element elementor-element-5c5f680 elementor-widget elementor-widget-text-editor\" data-id=\"5c5f680\" data-element_type=\"widget\" data-widget_type=\"text-editor.default\">\n\t\t\t\t<div class=\"elementor-widget-container\">\n\t\t\t\t\t<div class=\"elementor-text-editor elementor-clearfix\"><h3><span style=\"color: #000000;\"><strong><span style=\"color: #000000;\">45.000 F CFA<\/span><br \/><\/strong><\/span><\/h3><\/div>\n\t\t\t\t<\/div>\n\t\t\t\t<\/div>\n\t\t\t\t\t\t<\/div>\n\t\t\t\t\t<\/div>\n\t\t<\/div>\n\t\t\t\t\t\t\t\t<\/div>\n\t\t\t\t\t<\/div>\n\t\t<\/section>\n\t\t\t\t<section class=\"elementor-section elementor-top-section elementor-element elementor-element-5861aa3a elementor-section-boxed elementor-section-height-default elementor-section-height-default\" data-id=\"5861aa3a\" data-element_type=\"section\">\n\t\t\t\t\t\t<div class=\"elementor-container elementor-column-gap-default\">\n\t\t\t\t\t\t\t<div class=\"elementor-row\">\n\t\t\t\t\t<div class=\"elementor-column elementor-col-100 elementor-top-column elementor-element elementor-element-73d02ede\" data-id=\"73d02ede\" data-element_type=\"column\">\n\t\t\t<div class=\"elementor-column-wrap elementor-element-populated\">\n\t\t\t\t\t\t\t<div class=\"elementor-widget-wrap\">\n\t\t\t\t\t\t<div class=\"elementor-element elementor-element-cfbea6c elementor-widget-divider--view-line elementor-widget elementor-widget-divider\" data-id=\"cfbea6c\" data-element_type=\"widget\" data-widget_type=\"divider.default\">\n\t\t\t\t<div class=\"elementor-widget-container\">\n\t\t\t\t\t<div class=\"elementor-divider\">\n\t\t\t<span class=\"elementor-divider-separator\">\n\t\t\t\t\t\t<\/span>\n\t\t<\/div>\n\t\t\t\t<\/div>\n\t\t\t\t<\/div>\n\t\t\t\t\t\t<\/div>\n\t\t\t\t\t<\/div>\n\t\t<\/div>\n\t\t\t\t\t\t\t\t<\/div>\n\t\t\t\t\t<\/div>\n\t\t<\/section>\n\t\t\t\t<section class=\"elementor-section elementor-top-section elementor-element elementor-element-5e71405 elementor-section-boxed elementor-section-height-default elementor-section-height-default\" data-id=\"5e71405\" data-element_type=\"section\">\n\t\t\t\t\t\t<div class=\"elementor-container elementor-column-gap-default\">\n\t\t\t\t\t\t\t<div class=\"elementor-row\">\n\t\t\t\t\t<div class=\"elementor-column elementor-col-100 elementor-top-column elementor-element elementor-element-7516b00c\" data-id=\"7516b00c\" data-element_type=\"column\">\n\t\t\t<div class=\"elementor-column-wrap elementor-element-populated\">\n\t\t\t\t\t\t\t<div class=\"elementor-widget-wrap\">\n\t\t\t\t\t\t<div class=\"elementor-element elementor-element-28675bf5 elementor-widget elementor-widget-text-editor\" data-id=\"28675bf5\" data-element_type=\"widget\" data-widget_type=\"text-editor.default\">\n\t\t\t\t<div class=\"elementor-widget-container\">\n\t\t\t\t\t<div class=\"elementor-text-editor elementor-clearfix\"><h1><span style=\"color: #808080;\"><strong><span style=\"color: #000000;\">KONIX DRAKKAR MIDGARD EVO<br \/><\/span><\/strong><\/span><\/h1><\/div>\n\t\t\t\t<\/div>\n\t\t\t\t<\/div>\n\t\t\t\t\t\t<\/div>\n\t\t\t\t\t<\/div>\n\t\t<\/div>\n\t\t\t\t\t\t\t\t<\/div>\n\t\t\t\t\t<\/div>\n\t\t<\/section>\n\t\t\t\t<section class=\"elementor-section elementor-top-section elementor-element elementor-element-54e63971 elementor-section-boxed elementor-section-height-default elementor-section-height-default\" data-id=\"54e63971\" data-element_type=\"section\">\n\t\t\t\t\t\t<div class=\"elementor-container elementor-column-gap-default\">\n\t\t\t\t\t\t\t<div class=\"elementor-row\">\n\t\t\t\t\t<div class=\"elementor-column elementor-col-100 elementor-top-column elementor-element elementor-element-14725c25\" data-id=\"14725c25\" data-element_type=\"column\">\n\t\t\t<div class=\"elementor-column-wrap elementor-element-populated\">\n\t\t\t\t\t\t\t<div class=\"elementor-widget-wrap\">\n\t\t\t\t\t\t<div class=\"elementor-element elementor-element-2d16c7c3 elementor-widget elementor-widget-text-editor\" data-id=\"2d16c7c3\" data-element_type=\"widget\" data-widget_type=\"text-editor.default\">\n\t\t\t\t<div class=\"elementor-widget-container\">\n\t\t\t\t\t<div class=\"elementor-text-editor elementor-clearfix\"><h5><span style=\"color: #ffffff;\"><strong>EN SAVOIR PLUS<\/strong><\/span><\/h5><\/div>\n\t\t\t\t<\/div>\n\t\t\t\t<\/div>\n\t\t\t\t\t\t<\/div>\n\t\t\t\t\t<\/div>\n\t\t<\/div>\n\t\t\t\t\t\t\t\t<\/div>\n\t\t\t\t\t<\/div>\n\t\t<\/section>\n\t\t\t\t<section class=\"elementor-section elementor-top-section elementor-element elementor-element-534bbe11 elementor-section-boxed elementor-section-height-default elementor-section-height-default\" data-id=\"534bbe11\" data-element_type=\"section\">\n\t\t\t\t\t\t<div class=\"elementor-container elementor-column-gap-default\">\n\t\t\t\t\t\t\t<div class=\"elementor-row\">\n\t\t\t\t\t<div class=\"elementor-column elementor-col-100 elementor-top-column elementor-element elementor-element-1b15887\" data-id=\"1b15887\" data-element_type=\"column\">\n\t\t\t<div class=\"elementor-column-wrap elementor-element-populated\">\n\t\t\t\t\t\t\t<div class=\"elementor-widget-wrap\">\n\t\t\t\t\t\t<div class=\"elementor-element elementor-element-70095ec6 elementor-widget elementor-widget-text-editor\" data-id=\"70095ec6\" data-element_type=\"widget\" data-widget_type=\"text-editor.default\">\n\t\t\t\t<div class=\"elementor-widget-container\">\n\t\t\t\t\t<div class=\"elementor-text-editor elementor-clearfix\"><h2><span style=\"color: #000000;\"><strong><span style=\"color: #000000;\">En route pour un design pro avec Midgard Evo !<\/span><br \/><\/strong><\/span><\/h2><\/div>\n\t\t\t\t<\/div>\n\t\t\t\t<\/div>\n\t\t\t\t\t\t<\/div>\n\t\t\t\t\t<\/div>\n\t\t<\/div>\n\t\t\t\t\t\t\t\t<\/div>\n\t\t\t\t\t<\/div>\n\t\t<\/section>\n\t\t\t\t<section class=\"elementor-section elementor-top-section elementor-element elementor-element-6f47559b elementor-section-boxed elementor-section-height-default elementor-section-height-default\" data-id=\"6f47559b\" data-element_type=\"section\">\n\t\t\t\t\t\t<div class=\"elementor-container elementor-column-gap-default\">\n\t\t\t\t\t\t\t<div class=\"elementor-row\">\n\t\t\t\t\t<div class=\"elementor-column elementor-col-100 elementor-top-column elementor-element elementor-element-626e7c3a\" data-id=\"626e7c3a\" data-element_type=\"column\">\n\t\t\t<div class=\"elementor-column-wrap elementor-element-populated\">\n\t\t\t\t\t\t\t<div class=\"elementor-widget-wrap\">\n\t\t\t\t\t\t<div class=\"elementor-element elementor-element-1f66c0d0 elementor-widget elementor-widget-text-editor\" data-id=\"1f66c0d0\" data-element_type=\"widget\" data-widget_type=\"text-editor.default\">\n\t\t\t\t<div class=\"elementor-widget-container\">\n\t\t\t\t\t<div class=\"elementor-text-editor elementor-clearfix\"><div><p><span style=\"color: #333333;\">Drakkar constitue la gamme de produits de r\u00e9f\u00e9rence des gamers sur PC. Plus que de simples accessoires de jeu, Drakkar vous permet d\u2019avoir des armes pr\u00e9cises, aff\u00fbt\u00e9es et accessibles pour affronter vos adversaires et tutoyer la victoire ! Claviers, souris, manettes\u2026 d\u00e9couvrez tous les accessoires indispensables aux gamers PC qui cherchent les meilleurs produits au meilleur prix.<\/span><\/p><\/div><\/div>\n\t\t\t\t<\/div>\n\t\t\t\t<\/div>\n\t\t\t\t\t\t<\/div>\n\t\t\t\t\t<\/div>\n\t\t<\/div>\n\t\t\t\t\t\t\t\t<\/div>\n\t\t\t\t\t<\/div>\n\t\t<\/section>\n\t\t\t\t<section class=\"elementor-section elementor-top-section elementor-element elementor-element-1f7dce95 elementor-section-boxed elementor-section-height-default elementor-section-height-default\" data-id=\"1f7dce95\" data-element_type=\"section\">\n\t\t\t\t\t\t<div class=\"elementor-container elementor-column-gap-default\">\n\t\t\t\t\t\t\t<div class=\"elementor-row\">\n\t\t\t\t\t<div class=\"elementor-column elementor-col-100 elementor-top-column elementor-element elementor-element-20a8a448\" data-id=\"20a8a448\" data-element_type=\"column\">\n\t\t\t<div class=\"elementor-column-wrap elementor-element-populated\">\n\t\t\t\t\t\t\t<div class=\"elementor-widget-wrap\">\n\t\t\t\t\t\t<div class=\"elementor-element elementor-element-5af01cc9 elementor-widget elementor-widget-image\" data-id=\"5af01cc9\" data-element_type=\"widget\" data-widget_type=\"image.default\">\n\t\t\t\t<div class=\"elementor-widget-container\">\n\t\t\t\t\t<div class=\"elementor-image\">\n\t\t\t\t\t\t\t\t\t\t<img loading=\"lazy\" decoding=\"async\" width=\"720\" height=\"303\" src=\"https:\/\/enhakkore.net\/produits\/wp-content\/uploads\/2021\/02\/KONIX-DRAKKAR-MIDGARD-EVO-1024x431.jpg\" class=\"attachment-large size-large\" alt=\"\" srcset=\"https:\/\/enhakkore.net\/produits\/wp-content\/uploads\/2021\/02\/KONIX-DRAKKAR-MIDGARD-EVO-1024x431.jpg 1024w, https:\/\/enhakkore.net\/produits\/wp-content\/uploads\/2021\/02\/KONIX-DRAKKAR-MIDGARD-EVO-300x126.jpg 300w, https:\/\/enhakkore.net\/produits\/wp-content\/uploads\/2021\/02\/KONIX-DRAKKAR-MIDGARD-EVO-768x324.jpg 768w, https:\/\/enhakkore.net\/produits\/wp-content\/uploads\/2021\/02\/KONIX-DRAKKAR-MIDGARD-EVO.jpg 1500w\" sizes=\"auto, (max-width: 720px) 100vw, 720px\" \/>\t\t\t\t\t\t\t\t\t\t\t<\/div>\n\t\t\t\t<\/div>\n\t\t\t\t<\/div>\n\t\t\t\t\t\t<\/div>\n\t\t\t\t\t<\/div>\n\t\t<\/div>\n\t\t\t\t\t\t\t\t<\/div>\n\t\t\t\t\t<\/div>\n\t\t<\/section>\n\t\t\t\t<section class=\"elementor-section elementor-top-section elementor-element elementor-element-5ea6c65a elementor-section-boxed elementor-section-height-default elementor-section-height-default\" data-id=\"5ea6c65a\" data-element_type=\"section\">\n\t\t\t\t\t\t<div class=\"elementor-container elementor-column-gap-default\">\n\t\t\t\t\t\t\t<div class=\"elementor-row\">\n\t\t\t\t\t<div class=\"elementor-column elementor-col-100 elementor-top-column elementor-element elementor-element-35493a2b\" data-id=\"35493a2b\" data-element_type=\"column\">\n\t\t\t<div class=\"elementor-column-wrap elementor-element-populated\">\n\t\t\t\t\t\t\t<div class=\"elementor-widget-wrap\">\n\t\t\t\t\t\t<div class=\"elementor-element elementor-element-41366ba6 elementor-widget elementor-widget-text-editor\" data-id=\"41366ba6\" data-element_type=\"widget\" data-widget_type=\"text-editor.default\">\n\t\t\t\t<div class=\"elementor-widget-container\">\n\t\t\t\t\t<div class=\"elementor-text-editor elementor-clearfix\"><p><span style=\"color: #333333;\"><b>Profils et macro, antighosting et <\/b><b>raccourcis<\/b><b> multim\u00e9dia<\/b><\/span><\/p><p><span style=\"color: #333333;\">Gr\u00e2ce aux cinq touches programmables et aux deux profils vous pouvez enregistrer jusqu\u2019\u00e0 10 macros. Ex\u00e9cutez des combinaisons de touches complexes avec une simple pression. Encha\u00eenez les combinaisons de touches sans interruption et sans risquer de manquer une action gr\u00e2ce \u00e0 la reconnaissance par le clavier de la pression simultan\u00e9e jusqu\u2019\u00e0 26 touches. Acc\u00e9dez aux fonctions multim\u00e9dia et aux applications principales sans sortir de votre jeu avec les 12 touches de raccourcis. Verrouillez les touches windows et applications pour ne pas revenir au bureau par erreur en cours de jeu.<\/span><\/p><p><span style=\"color: #333333;\"><strong>Une meilleure ergonomie et un r\u00e9tro\u00e9clairage\u00a0<\/strong><b>personnalisable<\/b><\/span><\/p><p><span style=\"color: #333333;\">Jouez en toute circonstance et quelque soit la lumi\u00e8re ambiante gr\u00e2ce au r\u00e9tro\u00e9clairage RGB Rainbow personnalisable. Si vous \u00eates gaucher, le clavier Midgard EVO vous permet d\u2019inverser librement les fonctions des touches ZQSD et des fl\u00e8ches directionnelles pour correspondre et s\u2019adapter \u00e0 vos pr\u00e9f\u00e9rences de jeu.<\/span><\/p><p><span style=\"color: #333333;\"><strong>Qualit\u00e9 et design<\/strong><\/span><\/p><p><span style=\"color: #333333;\">Avec son c\u00e2ble tress\u00e9 et une connectique USB plaqu\u00e9 or ce clavier vous garanti la meilleure vitesse de transfert. Con\u00e7u pour avoir la meilleure durabilit\u00e9 nous garantissons une dur\u00e9e de vie de plus de 5 millions de cycles pour nos touches. Enfin son design \u00e0 la fois simple et agressif est ancr\u00e9 dans l\u2019univers gamers Drakkar.<\/span><\/p><\/div>\n\t\t\t\t<\/div>\n\t\t\t\t<\/div>\n\t\t\t\t\t\t<\/div>\n\t\t\t\t\t<\/div>\n\t\t<\/div>\n\t\t\t\t\t\t\t\t<\/div>\n\t\t\t\t\t<\/div>\n\t\t<\/section>\n\t\t\t\t<section class=\"elementor-section elementor-top-section elementor-element elementor-element-5e55d22e elementor-section-boxed elementor-section-height-default elementor-section-height-default\" data-id=\"5e55d22e\" data-element_type=\"section\">\n\t\t\t\t\t\t<div class=\"elementor-container elementor-column-gap-default\">\n\t\t\t\t\t\t\t<div class=\"elementor-row\">\n\t\t\t\t\t<div class=\"elementor-column elementor-col-100 elementor-top-column elementor-element elementor-element-107f2945\" data-id=\"107f2945\" data-element_type=\"column\">\n\t\t\t<div class=\"elementor-column-wrap elementor-element-populated\">\n\t\t\t\t\t\t\t<div class=\"elementor-widget-wrap\">\n\t\t\t\t\t\t<div class=\"elementor-element elementor-element-6772ac65 elementor-widget elementor-widget-text-editor\" data-id=\"6772ac65\" data-element_type=\"widget\" data-widget_type=\"text-editor.default\">\n\t\t\t\t<div class=\"elementor-widget-container\">\n\t\t\t\t\t<div class=\"elementor-text-editor elementor-clearfix\"><p><span style=\"color: #333333;\"><strong>Caract\u00e9ristiques physiques<\/strong><\/span><\/p><table width=\"1270\"><thead><tr><td width=\"635\"><p><span style=\"color: #333333;\"><strong>R\u00e9tro\u00e9clairage<\/strong><\/span><\/p><\/td><td width=\"634\"><p><span style=\"color: #333333;\"><strong>Rainbow<\/strong><\/span><\/p><\/td><\/tr><\/thead><tbody><tr><td width=\"635\"><p><span style=\"color: #333333;\"><strong>Clavier<\/strong><\/span><\/p><\/td><td width=\"634\"><p><span style=\"color: #333333;\"><strong>AZERTY 113 touches<\/strong><\/span><\/p><\/td><\/tr><tr><td width=\"635\"><p><span style=\"color: #333333;\"><strong>Poids<\/strong><\/span><\/p><\/td><td width=\"634\"><p><span style=\"color: #333333;\"><strong>760g<\/strong><\/span><\/p><\/td><\/tr><tr><td width=\"635\"><p><span style=\"color: #333333;\"><strong>Largeur<\/strong><\/span><\/p><\/td><td width=\"634\"><p><span style=\"color: #333333;\"><strong>207,5 mm<\/strong><\/span><\/p><\/td><\/tr><tr><td width=\"635\"><p><span style=\"color: #333333;\"><strong>Longueur<\/strong><\/span><\/p><\/td><td width=\"634\"><p><span style=\"color: #333333;\"><strong>484,5 mm<\/strong><\/span><\/p><\/td><\/tr><tr><td width=\"635\"><p><span style=\"color: #333333;\"><strong>Epaisseur<\/strong><\/span><\/p><\/td><td width=\"634\"><p><span style=\"color: #333333;\"><strong>32 mm<\/strong><\/span><\/p><\/td><\/tr><\/tbody><\/table><\/div>\n\t\t\t\t<\/div>\n\t\t\t\t<\/div>\n\t\t\t\t\t\t<\/div>\n\t\t\t\t\t<\/div>\n\t\t<\/div>\n\t\t\t\t\t\t\t\t<\/div>\n\t\t\t\t\t<\/div>\n\t\t<\/section>\n\t\t\t\t\t\t<\/div>\n\t\t\t\t\t\t<\/div>\n\t\t\t\t\t<\/div>\n\t\t","protected":false},"excerpt":{"rendered":"<p>45.000 F CFA KONIX DRAKKAR MIDGARD EVO EN SAVOIR PLUS En route pour un design pro avec Midgard Evo ! Drakkar constitue la gamme de produits de r\u00e9f\u00e9rence des gamers sur PC. Plus que de simples accessoires de jeu, Drakkar vous permet d\u2019avoir des armes pr\u00e9cises, aff\u00fbt\u00e9es et accessibles pour affronter vos adversaires et tutoyer [&hellip;]<\/p>\n","protected":false},"author":2,"featured_media":0,"parent":0,"menu_order":0,"comment_status":"closed","ping_status":"closed","template":"","meta":{"footnotes":""},"class_list":["post-1438","page","type-page","status-publish","hentry","post"],"_links":{"self":[{"href":"https:\/\/enhakkore.net\/produits\/wp-json\/wp\/v2\/pages\/1438","targetHints":{"allow":["GET"]}}],"collection":[{"href":"https:\/\/enhakkore.net\/produits\/wp-json\/wp\/v2\/pages"}],"about":[{"href":"https:\/\/enhakkore.net\/produits\/wp-json\/wp\/v2\/types\/page"}],"author":[{"embeddable":true,"href":"https:\/\/enhakkore.net\/produits\/wp-json\/wp\/v2\/users\/2"}],"replies":[{"embeddable":true,"href":"https:\/\/enhakkore.net\/produits\/wp-json\/wp\/v2\/comments?post=1438"}],"version-history":[{"count":4,"href":"https:\/\/enhakkore.net\/produits\/wp-json\/wp\/v2\/pages\/1438\/revisions"}],"predecessor-version":[{"id":1444,"href":"https:\/\/enhakkore.net\/produits\/wp-json\/wp\/v2\/pages\/1438\/revisions\/1444"}],"wp:attachment":[{"href":"https:\/\/enhakkore.net\/produits\/wp-json\/wp\/v2\/media?parent=1438"}],"curies":[{"name":"wp","href":"https:\/\/api.w.org\/{rel}","templated":true}]}}