{"id":1304,"date":"2021-02-22T12:21:40","date_gmt":"2021-02-22T11:21:40","guid":{"rendered":"https:\/\/enhakkore.net\/produits\/?page_id=1304"},"modified":"2021-02-22T12:22:21","modified_gmt":"2021-02-22T11:22:21","slug":"portable-gamer","status":"publish","type":"page","link":"https:\/\/enhakkore.net\/produits\/portable-gamer\/","title":{"rendered":"PORTABLE GAMER"},"content":{"rendered":"\t\t<div data-elementor-type=\"wp-page\" data-elementor-id=\"1304\" class=\"elementor elementor-1304\" data-elementor-settings=\"[]\">\n\t\t\t\t\t\t<div class=\"elementor-inner\">\n\t\t\t\t\t\t\t<div class=\"elementor-section-wrap\">\n\t\t\t\t\t\t\t<section class=\"elementor-section elementor-top-section elementor-element elementor-element-4bb44491 elementor-section-stretched elementor-section-full_width elementor-section-height-default elementor-section-height-default\" data-id=\"4bb44491\" data-element_type=\"section\" data-settings=\"{&quot;stretch_section&quot;:&quot;section-stretched&quot;}\">\n\t\t\t\t\t\t<div class=\"elementor-container elementor-column-gap-default\">\n\t\t\t\t\t\t\t<div class=\"elementor-row\">\n\t\t\t\t\t<div class=\"elementor-column elementor-col-100 elementor-top-column elementor-element elementor-element-4fd7e39e\" data-id=\"4fd7e39e\" data-element_type=\"column\">\n\t\t\t<div class=\"elementor-column-wrap elementor-element-populated\">\n\t\t\t\t\t\t\t<div class=\"elementor-widget-wrap\">\n\t\t\t\t\t\t<div class=\"elementor-element elementor-element-16627a71 elementor-widget elementor-widget-image\" data-id=\"16627a71\" data-element_type=\"widget\" data-widget_type=\"image.default\">\n\t\t\t\t<div class=\"elementor-widget-container\">\n\t\t\t\t\t<div class=\"elementor-image\">\n\t\t\t\t\t\t\t\t\t\t<img loading=\"lazy\" decoding=\"async\" width=\"1946\" height=\"474\" src=\"https:\/\/enhakkore.net\/produits\/wp-content\/uploads\/2021\/01\/banniereokn-Copie.jpg\" class=\"attachment-full size-full\" alt=\"\" srcset=\"https:\/\/enhakkore.net\/produits\/wp-content\/uploads\/2021\/01\/banniereokn-Copie.jpg 1946w, https:\/\/enhakkore.net\/produits\/wp-content\/uploads\/2021\/01\/banniereokn-Copie-300x73.jpg 300w, https:\/\/enhakkore.net\/produits\/wp-content\/uploads\/2021\/01\/banniereokn-Copie-1024x249.jpg 1024w, https:\/\/enhakkore.net\/produits\/wp-content\/uploads\/2021\/01\/banniereokn-Copie-768x187.jpg 768w, https:\/\/enhakkore.net\/produits\/wp-content\/uploads\/2021\/01\/banniereokn-Copie-1536x374.jpg 1536w\" sizes=\"auto, (max-width: 1946px) 100vw, 1946px\" \/>\t\t\t\t\t\t\t\t\t\t\t<\/div>\n\t\t\t\t<\/div>\n\t\t\t\t<\/div>\n\t\t\t\t\t\t<\/div>\n\t\t\t\t\t<\/div>\n\t\t<\/div>\n\t\t\t\t\t\t\t\t<\/div>\n\t\t\t\t\t<\/div>\n\t\t<\/section>\n\t\t\t\t<section class=\"elementor-section elementor-top-section elementor-element elementor-element-10218cf5 elementor-section-boxed elementor-section-height-default elementor-section-height-default\" data-id=\"10218cf5\" data-element_type=\"section\">\n\t\t\t\t\t\t<div class=\"elementor-container elementor-column-gap-default\">\n\t\t\t\t\t\t\t<div class=\"elementor-row\">\n\t\t\t\t\t<div class=\"elementor-column elementor-col-100 elementor-top-column elementor-element elementor-element-5ae3d163\" data-id=\"5ae3d163\" data-element_type=\"column\">\n\t\t\t<div class=\"elementor-column-wrap elementor-element-populated\">\n\t\t\t\t\t\t\t<div class=\"elementor-widget-wrap\">\n\t\t\t\t\t\t<div class=\"elementor-element elementor-element-48274fbb elementor-widget elementor-widget-text-editor\" data-id=\"48274fbb\" data-element_type=\"widget\" data-widget_type=\"text-editor.default\">\n\t\t\t\t<div class=\"elementor-widget-container\">\n\t\t\t\t\t<div class=\"elementor-text-editor elementor-clearfix\"><h3><span style=\"color: #333333;\"><strong><span style=\"color: #800080;\">Portables Gamer<\/span><br \/><\/strong><\/span><\/h3><\/div>\n\t\t\t\t<\/div>\n\t\t\t\t<\/div>\n\t\t\t\t\t\t<\/div>\n\t\t\t\t\t<\/div>\n\t\t<\/div>\n\t\t\t\t\t\t\t\t<\/div>\n\t\t\t\t\t<\/div>\n\t\t<\/section>\n\t\t\t\t<section class=\"elementor-section elementor-top-section elementor-element elementor-element-272bf68a elementor-section-boxed elementor-section-height-default elementor-section-height-default\" data-id=\"272bf68a\" data-element_type=\"section\">\n\t\t\t\t\t\t<div class=\"elementor-container elementor-column-gap-default\">\n\t\t\t\t\t\t\t<div class=\"elementor-row\">\n\t\t\t\t\t<div class=\"elementor-column elementor-col-100 elementor-top-column elementor-element elementor-element-55b911c8\" data-id=\"55b911c8\" data-element_type=\"column\">\n\t\t\t<div class=\"elementor-column-wrap elementor-element-populated\">\n\t\t\t\t\t\t\t<div class=\"elementor-widget-wrap\">\n\t\t\t\t\t\t<div class=\"elementor-element elementor-element-56d4cfee elementor-widget elementor-widget-text-editor\" data-id=\"56d4cfee\" data-element_type=\"widget\" data-widget_type=\"text-editor.default\">\n\t\t\t\t<div class=\"elementor-widget-container\">\n\t\t\t\t\t<div class=\"elementor-text-editor elementor-clearfix\"><p><span style=\"color: #333333;\">La gamme de <span style=\"color: #800000;\"><strong>\u00ab\u00a0Portables Gamer\u00a0\u00bb<\/strong><\/span> consiste \u00e0 fournir le meilleur en mati\u00e8re de mat\u00e9riel, de performances et d\u2019innovations, afin de combler les attentes des utilisateurs. <br \/><\/span><\/p><p><span style=\"color: #333333;\">Les <strong>Ordinateurs gamer<\/strong> sont des machines faites pour le <strong>montage vid\u00e9o, les logiciels de CAO et DAO, le jeu<\/strong> dont la puissance d\u00e9passe les besoins classiques d&rsquo;un ordinateur bureautique. Leurs composants ont \u00e9t\u00e9 \u00e9tudi\u00e9s <strong>pour une utilisation intensive<\/strong> et pour g\u00e9rer une importante consommation de ressources.<\/span><\/p><p><span style=\"color: #333333;\">Ces applications demandent des performances constantes afin de fournir un affichage fluide de qualit\u00e9, c&rsquo;est pourquoi se tourner vers un PC gamer offre de <strong>nombreux avantages <\/strong>dans la vie quotidienne.<\/span><\/p><\/div>\n\t\t\t\t<\/div>\n\t\t\t\t<\/div>\n\t\t\t\t\t\t<\/div>\n\t\t\t\t\t<\/div>\n\t\t<\/div>\n\t\t\t\t\t\t\t\t<\/div>\n\t\t\t\t\t<\/div>\n\t\t<\/section>\n\t\t\t\t<section class=\"elementor-section elementor-top-section elementor-element elementor-element-5fb8e759 elementor-section-boxed elementor-section-height-default elementor-section-height-default\" data-id=\"5fb8e759\" data-element_type=\"section\">\n\t\t\t\t\t\t<div class=\"elementor-container elementor-column-gap-default\">\n\t\t\t\t\t\t\t<div class=\"elementor-row\">\n\t\t\t\t\t<div class=\"elementor-column elementor-col-100 elementor-top-column elementor-element elementor-element-60e752cd\" data-id=\"60e752cd\" data-element_type=\"column\">\n\t\t\t<div class=\"elementor-column-wrap elementor-element-populated\">\n\t\t\t\t\t\t\t<div class=\"elementor-widget-wrap\">\n\t\t\t\t\t\t<div class=\"elementor-element elementor-element-7d90168b elementor-arrows-position-inside elementor-pagination-position-outside elementor-widget elementor-widget-image-carousel\" data-id=\"7d90168b\" data-element_type=\"widget\" data-settings=\"{&quot;navigation&quot;:&quot;both&quot;,&quot;autoplay&quot;:&quot;yes&quot;,&quot;pause_on_hover&quot;:&quot;yes&quot;,&quot;pause_on_interaction&quot;:&quot;yes&quot;,&quot;autoplay_speed&quot;:5000,&quot;infinite&quot;:&quot;yes&quot;,&quot;speed&quot;:500}\" data-widget_type=\"image-carousel.default\">\n\t\t\t\t<div class=\"elementor-widget-container\">\n\t\t\t\t\t<div class=\"elementor-image-carousel-wrapper swiper-container\" dir=\"ltr\">\n\t\t\t<div class=\"elementor-image-carousel swiper-wrapper\">\n\t\t\t\t<div class=\"swiper-slide\"><figure class=\"swiper-slide-inner\"><img decoding=\"async\" class=\"swiper-slide-image\" src=\"https:\/\/enhakkore.net\/produits\/wp-content\/uploads\/2021\/01\/ASUS-ROG-STRIX-SCAR-III-G731GW-EV089T-02-300x300.jpg\" alt=\"ASUS-ROG-STRIX-SCAR-III-G731GW-EV089T-02.jpg\" \/><\/figure><\/div><div class=\"swiper-slide\"><figure class=\"swiper-slide-inner\"><img decoding=\"async\" class=\"swiper-slide-image\" src=\"https:\/\/enhakkore.net\/produits\/wp-content\/uploads\/2021\/01\/MSI-GS63-8RE-056FR-STEALTH-01-300x300.jpg\" alt=\"MSI-GS63-8RE-056FR-STEALTH-01.jpg\" \/><\/figure><\/div><div class=\"swiper-slide\"><figure class=\"swiper-slide-inner\"><img decoding=\"async\" class=\"swiper-slide-image\" src=\"https:\/\/enhakkore.net\/produits\/wp-content\/uploads\/2021\/01\/ACER-PREDATOR-G3-572-7884-01-300x240.jpg\" alt=\"ACER-PREDATOR-G3-572-7884-01.jpg\" \/><\/figure><\/div><div class=\"swiper-slide\"><figure class=\"swiper-slide-inner\"><img decoding=\"async\" class=\"swiper-slide-image\" src=\"https:\/\/enhakkore.net\/produits\/wp-content\/uploads\/2021\/01\/Asus-ROG-GL702VS-GC238T-faced-300x297.jpg\" alt=\"Asus-ROG-GL702VS-GC238T-faced.jpg\" \/><\/figure><\/div><div class=\"swiper-slide\"><figure class=\"swiper-slide-inner\"><img decoding=\"async\" class=\"swiper-slide-image\" src=\"https:\/\/enhakkore.net\/produits\/wp-content\/uploads\/2021\/01\/Asus-ROG-GL702VS-GC238T-dosg-300x231.jpg\" alt=\"Asus-ROG-GL702VS-GC238T-dosg.jpg\" \/><\/figure><\/div><div class=\"swiper-slide\"><figure class=\"swiper-slide-inner\"><img decoding=\"async\" class=\"swiper-slide-image\" src=\"https:\/\/enhakkore.net\/produits\/wp-content\/uploads\/2021\/01\/gl753vd-gc412-300x300.jpg\" alt=\"gl753vd-gc412.jpg\" \/><\/figure><\/div><div class=\"swiper-slide\"><figure class=\"swiper-slide-inner\"><img decoding=\"async\" class=\"swiper-slide-image\" src=\"https:\/\/enhakkore.net\/produits\/wp-content\/uploads\/2021\/01\/ASUS-TUF-505DT-AL253T-300x300.jpg\" alt=\"ASUS-TUF-505DT-AL253T.jpg\" \/><\/figure><\/div><div class=\"swiper-slide\"><figure class=\"swiper-slide-inner\"><img decoding=\"async\" class=\"swiper-slide-image\" src=\"https:\/\/enhakkore.net\/produits\/wp-content\/uploads\/2021\/01\/ACER-SWIFT-1-SF114-32-P6M2-300x300.jpeg\" alt=\"ACER-SWIFT-1-SF114-32-P6M2.jpeg\" \/><\/figure><\/div><div class=\"swiper-slide\"><figure class=\"swiper-slide-inner\"><img decoding=\"async\" class=\"swiper-slide-image\" src=\"https:\/\/enhakkore.net\/produits\/wp-content\/uploads\/2021\/01\/MSI-GS63-7RE-013FR-STEATH-PRO-01-300x300.jpg\" alt=\"MSI-GS63-7RE-013FR-STEATH-PRO-01.jpg\" \/><\/figure><\/div><div class=\"swiper-slide\"><figure class=\"swiper-slide-inner\"><img decoding=\"async\" class=\"swiper-slide-image\" src=\"https:\/\/enhakkore.net\/produits\/wp-content\/uploads\/2021\/01\/ASUS-ROG-STRIX-SCAR-III-G731GW-EV089T-300x300.jpg\" alt=\"ASUS-ROG-STRIX-SCAR-III-G731GW-EV089T.jpg\" \/><\/figure><\/div><div class=\"swiper-slide\"><figure class=\"swiper-slide-inner\"><img decoding=\"async\" class=\"swiper-slide-image\" src=\"https:\/\/enhakkore.net\/produits\/wp-content\/uploads\/2021\/01\/ASUS-ROG-STATION-17-PX705GM-EW074R-01-300x300.jpg\" alt=\"ASUS-ROG-STATION-17-PX705GM-EW074R-01.jpg\" \/><\/figure><\/div><div class=\"swiper-slide\"><figure class=\"swiper-slide-inner\"><img decoding=\"async\" class=\"swiper-slide-image\" src=\"https:\/\/enhakkore.net\/produits\/wp-content\/uploads\/2021\/01\/GIGABYTE-SABRE-15-P45G-V8-C35W10-FR-01-300x300.jpg\" alt=\"GIGABYTE-SABRE-15-P45G-V8-C35W10-FR-01.jpg\" \/><\/figure><\/div><div class=\"swiper-slide\"><figure class=\"swiper-slide-inner\"><img decoding=\"async\" class=\"swiper-slide-image\" src=\"https:\/\/enhakkore.net\/produits\/wp-content\/uploads\/2021\/01\/ASUS-ROG-STRIX-SCAR-III-G731GW-EV089T-01-300x300.jpg\" alt=\"ASUS-ROG-STRIX-SCAR-III-G731GW-EV089T-01.jpg\" \/><\/figure><\/div><div class=\"swiper-slide\"><figure class=\"swiper-slide-inner\"><img decoding=\"async\" class=\"swiper-slide-image\" src=\"https:\/\/enhakkore.net\/produits\/wp-content\/uploads\/2021\/01\/ACER-PREDATOR-TRITON-500-PT515-51-75EB-01-300x300.jpg\" alt=\"ACER-PREDATOR-TRITON-500-PT515-51-75EB-01.jpg\" \/><\/figure><\/div><div class=\"swiper-slide\"><figure class=\"swiper-slide-inner\"><img decoding=\"async\" class=\"swiper-slide-image\" src=\"https:\/\/enhakkore.net\/produits\/wp-content\/uploads\/2021\/01\/MSI-GE63-8RE-614-FR-01-300x300.jpg\" alt=\"MSI-GE63-8RE-614-FR-01.jpg\" \/><\/figure><\/div><div class=\"swiper-slide\"><figure class=\"swiper-slide-inner\"><img decoding=\"async\" class=\"swiper-slide-image\" src=\"https:\/\/enhakkore.net\/produits\/wp-content\/uploads\/2021\/01\/GIGABYTE-SABRE-17-P47W-V8-C350W10-FR-01-300x300.jpg\" alt=\"GIGABYTE-SABRE-17-P47W-V8-C350W10-FR-01.jpg\" \/><\/figure><\/div><div class=\"swiper-slide\"><figure class=\"swiper-slide-inner\"><img decoding=\"async\" class=\"swiper-slide-image\" src=\"https:\/\/enhakkore.net\/produits\/wp-content\/uploads\/2021\/01\/MSI-GL75-9SD-D23FR-02-300x185.jpg\" alt=\"MSI-GL75-9SD-D23FR-02.jpg\" \/><\/figure><\/div><div class=\"swiper-slide\"><figure class=\"swiper-slide-inner\"><img decoding=\"async\" class=\"swiper-slide-image\" src=\"https:\/\/enhakkore.net\/produits\/wp-content\/uploads\/2021\/01\/msi-gl63-8rc-274xfr-01-300x300.jpg\" alt=\"msi-gl63-8rc-274xfr-01.jpg\" \/><\/figure><\/div><div class=\"swiper-slide\"><figure class=\"swiper-slide-inner\"><img decoding=\"async\" class=\"swiper-slide-image\" src=\"https:\/\/enhakkore.net\/produits\/wp-content\/uploads\/2021\/01\/LENOVO-LEGION-Y520-300x300.jpg\" alt=\"LENOVO-LEGION-Y520.jpg\" \/><\/figure><\/div><div class=\"swiper-slide\"><figure class=\"swiper-slide-inner\"><img decoding=\"async\" class=\"swiper-slide-image\" src=\"https:\/\/enhakkore.net\/produits\/wp-content\/uploads\/2021\/01\/ASUS-FX3VE-WH71-300x300.jpg\" alt=\"ASUS-FX3VE-WH71.jpg\" \/><\/figure><\/div><div class=\"swiper-slide\"><figure class=\"swiper-slide-inner\"><img decoding=\"async\" class=\"swiper-slide-image\" src=\"https:\/\/enhakkore.net\/produits\/wp-content\/uploads\/2021\/01\/OMEN-HP-17-300x267.jpg\" alt=\"OMEN-HP-17.jpg\" \/><\/figure><\/div><div class=\"swiper-slide\"><figure class=\"swiper-slide-inner\"><img decoding=\"async\" class=\"swiper-slide-image\" src=\"https:\/\/enhakkore.net\/produits\/wp-content\/uploads\/2021\/01\/hp-omen-17-an005nf-moy-300x300.jpg\" alt=\"hp-omen-17-an005nf-moy.jpg\" \/><\/figure><\/div><div class=\"swiper-slide\"><figure class=\"swiper-slide-inner\"><img decoding=\"async\" class=\"swiper-slide-image\" src=\"https:\/\/enhakkore.net\/produits\/wp-content\/uploads\/2021\/01\/Asus-FX502VM-DM572-300x300.jpg\" alt=\"Asus-FX502VM-DM572.jpg\" \/><\/figure><\/div><div class=\"swiper-slide\"><figure class=\"swiper-slide-inner\"><img decoding=\"async\" class=\"swiper-slide-image\" src=\"https:\/\/enhakkore.net\/produits\/wp-content\/uploads\/2021\/01\/HP-OMEN-17-AN005NF-2-300x246.jpg\" alt=\"HP-OMEN-17-AN005NF-2.jpg\" \/><\/figure><\/div><div class=\"swiper-slide\"><figure class=\"swiper-slide-inner\"><img decoding=\"async\" class=\"swiper-slide-image\" src=\"https:\/\/enhakkore.net\/produits\/wp-content\/uploads\/2021\/01\/HP-OMEN-17-AN112NF-300x230.jpg\" alt=\"HP-OMEN-17-AN112NF.jpg\" \/><\/figure><\/div><div class=\"swiper-slide\"><figure class=\"swiper-slide-inner\"><img decoding=\"async\" class=\"swiper-slide-image\" src=\"https:\/\/enhakkore.net\/produits\/wp-content\/uploads\/2021\/01\/asus-fx504gd-2-300x282.jpg\" alt=\"asus-fx504gd-2.jpg\" \/><\/figure><\/div><div class=\"swiper-slide\"><figure class=\"swiper-slide-inner\"><img decoding=\"async\" class=\"swiper-slide-image\" src=\"https:\/\/enhakkore.net\/produits\/wp-content\/uploads\/2021\/01\/ASUS-FX5041-300x211.jpg\" alt=\"ASUS-FX5041.jpg\" \/><\/figure><\/div><div class=\"swiper-slide\"><figure class=\"swiper-slide-inner\"><img decoding=\"async\" class=\"swiper-slide-image\" src=\"https:\/\/enhakkore.net\/produits\/wp-content\/uploads\/2021\/01\/ASUS-FX504GD-300x213.jpg\" alt=\"ASUS-FX504GD.jpg\" \/><\/figure><\/div><div class=\"swiper-slide\"><figure class=\"swiper-slide-inner\"><img decoding=\"async\" class=\"swiper-slide-image\" src=\"https:\/\/enhakkore.net\/produits\/wp-content\/uploads\/2021\/01\/acer-helios-300-g3-571-01-300x184.jpg\" alt=\"acer-helios-300-g3-571-01.jpg\" \/><\/figure><\/div><div class=\"swiper-slide\"><figure class=\"swiper-slide-inner\"><img decoding=\"async\" class=\"swiper-slide-image\" src=\"https:\/\/enhakkore.net\/produits\/wp-content\/uploads\/2021\/01\/gl753vd-gc412-2-300x300.jpg\" alt=\"gl753vd-gc412-2.jpg\" \/><\/figure><\/div><div class=\"swiper-slide\"><figure class=\"swiper-slide-inner\"><img decoding=\"async\" class=\"swiper-slide-image\" src=\"https:\/\/enhakkore.net\/produits\/wp-content\/uploads\/2021\/01\/asus-rog-strix-gl702-gris-1-300x205.jpg\" alt=\"asus-rog-strix-gl702-gris-1.jpg\" \/><\/figure><\/div><div class=\"swiper-slide\"><figure class=\"swiper-slide-inner\"><img decoding=\"async\" class=\"swiper-slide-image\" src=\"https:\/\/enhakkore.net\/produits\/wp-content\/uploads\/2021\/01\/G-23337-1-ASUS-STRIX-GL703VD-1-300x202.jpg\" alt=\"G-23337-1-ASUS-STRIX-GL703VD-1.jpg\" \/><\/figure><\/div><div class=\"swiper-slide\"><figure class=\"swiper-slide-inner\"><img decoding=\"async\" class=\"swiper-slide-image\" src=\"https:\/\/enhakkore.net\/produits\/wp-content\/uploads\/2021\/01\/ASUS-GL752-300x300.png\" alt=\"ASUS-GL752.png\" \/><\/figure><\/div><div class=\"swiper-slide\"><figure class=\"swiper-slide-inner\"><img decoding=\"async\" class=\"swiper-slide-image\" src=\"https:\/\/enhakkore.net\/produits\/wp-content\/uploads\/2021\/01\/ASUS-G502VS-FY275T-300x212.jpg\" alt=\"ASUS-G502VS-FY275T.jpg\" \/><\/figure><\/div><div class=\"swiper-slide\"><figure class=\"swiper-slide-inner\"><img decoding=\"async\" class=\"swiper-slide-image\" src=\"https:\/\/enhakkore.net\/produits\/wp-content\/uploads\/2021\/01\/ASUS-GL702VM-GC434T-001-1-300x300.jpg\" alt=\"ASUS-GL702VM-GC434T-001-1.jpg\" \/><\/figure><\/div><div class=\"swiper-slide\"><figure class=\"swiper-slide-inner\"><img decoding=\"async\" class=\"swiper-slide-image\" src=\"https:\/\/enhakkore.net\/produits\/wp-content\/uploads\/2021\/01\/B-300x300.jpg\" alt=\"B.jpg\" \/><\/figure><\/div>\t\t\t<\/div>\n\t\t\t\t\t\t\t\t\t\t\t\t<div class=\"swiper-pagination\"><\/div>\n\t\t\t\t\t\t\t\t\t\t\t\t\t<div class=\"elementor-swiper-button elementor-swiper-button-prev\">\n\t\t\t\t\t\t<i class=\"eicon-chevron-left\" aria-hidden=\"true\"><\/i>\n\t\t\t\t\t\t<span class=\"elementor-screen-only\">Pr\u00e9c\u00e9dent<\/span>\n\t\t\t\t\t<\/div>\n\t\t\t\t\t<div class=\"elementor-swiper-button elementor-swiper-button-next\">\n\t\t\t\t\t\t<i class=\"eicon-chevron-right\" aria-hidden=\"true\"><\/i>\n\t\t\t\t\t\t<span class=\"elementor-screen-only\">Suivant<\/span>\n\t\t\t\t\t<\/div>\n\t\t\t\t\t\t\t\t\t<\/div>\n\t\t\t\t<\/div>\n\t\t\t\t<\/div>\n\t\t\t\t\t\t<\/div>\n\t\t\t\t\t<\/div>\n\t\t<\/div>\n\t\t\t\t\t\t\t\t<\/div>\n\t\t\t\t\t<\/div>\n\t\t<\/section>\n\t\t\t\t<section class=\"elementor-section elementor-top-section elementor-element elementor-element-2ca2d9e8 elementor-section-boxed elementor-section-height-default elementor-section-height-default\" data-id=\"2ca2d9e8\" data-element_type=\"section\">\n\t\t\t\t\t\t<div class=\"elementor-container elementor-column-gap-default\">\n\t\t\t\t\t\t\t<div class=\"elementor-row\">\n\t\t\t\t\t<div class=\"elementor-column elementor-col-50 elementor-top-column elementor-element elementor-element-1d70a59f\" data-id=\"1d70a59f\" data-element_type=\"column\">\n\t\t\t<div class=\"elementor-column-wrap elementor-element-populated\">\n\t\t\t\t\t\t\t<div class=\"elementor-widget-wrap\">\n\t\t\t\t\t\t<div class=\"elementor-element elementor-element-6b754e2e elementor-widget elementor-widget-text-editor\" data-id=\"6b754e2e\" data-element_type=\"widget\" data-widget_type=\"text-editor.default\">\n\t\t\t\t<div class=\"elementor-widget-container\">\n\t\t\t\t\t<div class=\"elementor-text-editor elementor-clearfix\"><p><span style=\"color: #333333;\"><em>Pour plus de d\u00e9tails sur nos produits &#8230;<br \/><\/em><\/span><\/p><\/div>\n\t\t\t\t<\/div>\n\t\t\t\t<\/div>\n\t\t\t\t\t\t<\/div>\n\t\t\t\t\t<\/div>\n\t\t<\/div>\n\t\t\t\t<div class=\"elementor-column elementor-col-50 elementor-top-column elementor-element elementor-element-3bf917aa\" data-id=\"3bf917aa\" data-element_type=\"column\">\n\t\t\t<div class=\"elementor-column-wrap elementor-element-populated\">\n\t\t\t\t\t\t\t<div class=\"elementor-widget-wrap\">\n\t\t\t\t\t\t<div class=\"elementor-element elementor-element-5204cd3b elementor-widget elementor-widget-button\" data-id=\"5204cd3b\" data-element_type=\"widget\" data-widget_type=\"button.default\">\n\t\t\t\t<div class=\"elementor-widget-container\">\n\t\t\t\t\t<div class=\"elementor-button-wrapper\">\n\t\t\t<a href=\"\/portable-gamer-toute-marque\" class=\"elementor-button-link elementor-button elementor-size-xs\" role=\"button\">\n\t\t\t\t\t\t<span class=\"elementor-button-content-wrapper\">\n\t\t\t\t\t\t<span class=\"elementor-button-text\">Cliquez ici<\/span>\n\t\t<\/span>\n\t\t\t\t\t<\/a>\n\t\t<\/div>\n\t\t\t\t<\/div>\n\t\t\t\t<\/div>\n\t\t\t\t\t\t<\/div>\n\t\t\t\t\t<\/div>\n\t\t<\/div>\n\t\t\t\t\t\t\t\t<\/div>\n\t\t\t\t\t<\/div>\n\t\t<\/section>\n\t\t\t\t<section class=\"elementor-section elementor-top-section elementor-element elementor-element-7d25fa43 elementor-section-boxed elementor-section-height-default elementor-section-height-default\" data-id=\"7d25fa43\" data-element_type=\"section\">\n\t\t\t\t\t\t<div class=\"elementor-container elementor-column-gap-default\">\n\t\t\t\t\t\t\t<div class=\"elementor-row\">\n\t\t\t\t\t<div class=\"elementor-column elementor-col-100 elementor-top-column elementor-element elementor-element-5f68daf6\" data-id=\"5f68daf6\" data-element_type=\"column\">\n\t\t\t<div class=\"elementor-column-wrap\">\n\t\t\t\t\t\t\t<div class=\"elementor-widget-wrap\">\n\t\t\t\t\t\t\t\t<\/div>\n\t\t\t\t\t<\/div>\n\t\t<\/div>\n\t\t\t\t\t\t\t\t<\/div>\n\t\t\t\t\t<\/div>\n\t\t<\/section>\n\t\t\t\t\t\t<\/div>\n\t\t\t\t\t\t<\/div>\n\t\t\t\t\t<\/div>\n\t\t","protected":false},"excerpt":{"rendered":"<p>Portables Gamer La gamme de \u00ab\u00a0Portables Gamer\u00a0\u00bb consiste \u00e0 fournir le meilleur en mati\u00e8re de mat\u00e9riel, de performances et d\u2019innovations, afin de combler les attentes des utilisateurs. Les Ordinateurs gamer sont des machines faites pour le montage vid\u00e9o, les logiciels de CAO et DAO, le jeu dont la puissance d\u00e9passe les besoins classiques d&rsquo;un ordinateur [&hellip;]<\/p>\n","protected":false},"author":2,"featured_media":0,"parent":0,"menu_order":0,"comment_status":"closed","ping_status":"closed","template":"","meta":{"footnotes":""},"class_list":["post-1304","page","type-page","status-publish","hentry","post"],"_links":{"self":[{"href":"https:\/\/enhakkore.net\/produits\/wp-json\/wp\/v2\/pages\/1304","targetHints":{"allow":["GET"]}}],"collection":[{"href":"https:\/\/enhakkore.net\/produits\/wp-json\/wp\/v2\/pages"}],"about":[{"href":"https:\/\/enhakkore.net\/produits\/wp-json\/wp\/v2\/types\/page"}],"author":[{"embeddable":true,"href":"https:\/\/enhakkore.net\/produits\/wp-json\/wp\/v2\/users\/2"}],"replies":[{"embeddable":true,"href":"https:\/\/enhakkore.net\/produits\/wp-json\/wp\/v2\/comments?post=1304"}],"version-history":[{"count":4,"href":"https:\/\/enhakkore.net\/produits\/wp-json\/wp\/v2\/pages\/1304\/revisions"}],"predecessor-version":[{"id":1308,"href":"https:\/\/enhakkore.net\/produits\/wp-json\/wp\/v2\/pages\/1304\/revisions\/1308"}],"wp:attachment":[{"href":"https:\/\/enhakkore.net\/produits\/wp-json\/wp\/v2\/media?parent=1304"}],"curies":[{"name":"wp","href":"https:\/\/api.w.org\/{rel}","templated":true}]}}